66.249.68.5 - - [19/Sep/2026:18:18:35 +0200] "GET /index.php?shop/products/20440030/ HTTP/2" 404 866 "-" "Mozilla/5.0 (Linux; Android 6.0.1; Nexus 5X Build/MMB29P) AppleWebKit/537.36 (KHTML, like Gecko) Chrome/153.0.8010.52 Mobile Safari/537.36 (compatible; Googlebot/2.1; +http://www.google.com/bot.html)"
66.249.68.4 - - [19/Sep/2026:18:18:36 +0200] "GET /sucuri-97aef7ea6b3d6093262d317428247f7b.php?shop/products/18692152/ HTTP/2" 404 866 "-" "Mozilla/5.0 (Linux; Android 6.0.1; Nexus 5X Build/MMB29P) AppleWebKit/537.36 (KHTML, like Gecko) Chrome/153.0.8010.52 Mobile Safari/537.36 (compatible; Googlebot/2.1; +http://www.google.com/bot.html)"
66.249.68.5 - - [19/Sep/2026:18:18:36 +0200] "GET /index.php?shop/products/974107/ HTTP/2" 404 866 "-" "Mozilla/5.0 (Linux; Android 6.0.1; Nexus 5X Build/MMB29P) AppleWebKit/537.36 (KHTML, like Gecko) Chrome/153.0.8010.52 Mobile Safari/537.36 (compatible; Googlebot/2.1; +http://www.google.com/bot.html)"
66.249.68.5 - - [19/Sep/2026:18:18:37 +0200] "GET /index.php?shop/products/19669241/ HTTP/2" 404 866 "-" "Mozilla/5.0 (Linux; Android 6.0.1; Nexus 5X Build/MMB29P) AppleWebKit/537.36 (KHTML, like Gecko) Chrome/153.0.8010.52 Mobile Safari/537.36 (compatible; Googlebot/2.1; +http://www.google.com/bot.html)"
2a03:2880:f800:17:: - - [19/Sep/2026:18:18:37 +0200] "GET /index.php?shop/products/10456630/ HTTP/2" 404 866 "-" "Mozilla/5.0 (Macintosh; Intel Mac OS X 10_15_7) AppleWebKit/537.36 (KHTML, like Gecko) Chrome/145.0.0.0 Safari/537.36 (compatible; meta-externalagent/1.1 (+https://developers.facebook.com/docs/sharing/webmasters/crawler))"
66.249.68.5 - - [19/Sep/2026:18:18:37 +0200] "GET /index.php?shop/products/23000218/ HTTP/2" 404 866 "-" "Mozilla/5.0 (Linux; Android 6.0.1; Nexus 5X Build/MMB29P) AppleWebKit/537.36 (KHTML, like Gecko) Chrome/153.0.8010.52 Mobile Safari/537.36 (compatible; Googlebot/2.1; +http://www.google.com/bot.html)"
66.249.68.4 - - [19/Sep/2026:18:18:38 +0200] "GET /sucuri-97aef7ea6b3d6093262d317428247f7b.php?shop/products/13151185/ HTTP/2" 404 866 "-" "Mozilla/5.0 (Linux; Android 6.0.1; Nexus 5X Build/MMB29P) AppleWebKit/537.36 (KHTML, like Gecko) Chrome/153.0.8010.52 Mobile Safari/537.36 (compatible; Googlebot/2.1; +http://www.google.com/bot.html)"
66.249.68.5 - - [19/Sep/2026:18:18:38 +0200] "GET /index.php?shop/products/1816285/ HTTP/2" 404 866 "-" "Mozilla/5.0 (Linux; Android 6.0.1; Nexus 5X Build/MMB29P) AppleWebKit/537.36 (KHTML, like Gecko) Chrome/153.0.8010.52 Mobile Safari/537.36 (compatible; Googlebot/2.1; +http://www.google.com/bot.html)"
66.249.68.4 - - [19/Sep/2026:18:18:39 +0200] "GET /sucuri-97aef7ea6b3d6093262d317428247f7b.php?shop/products/5975141/ HTTP/2" 404 866 "-" "Mozilla/5.0 (Linux; Android 6.0.1; Nexus 5X Build/MMB29P) AppleWebKit/537.36 (KHTML, like Gecko) Chrome/153.0.8010.52 Mobile Safari/537.36 (compatible; Googlebot/2.1; +http://www.google.com/bot.html)"
66.249.68.4 - - [19/Sep/2026:18:18:39 +0200] "GET /shop/products/19444874/ HTTP/2" 404 866 "-" "Mozilla/5.0 (Linux; Android 6.0.1; Nexus 5X Build/MMB29P) AppleWebKit/537.36 (KHTML, like Gecko) Chrome/153.0.8010.52 Mobile Safari/537.36 (compatible; Googlebot/2.1; +http://www.google.com/bot.html)"
66.249.68.5 - - [19/Sep/2026:18:18:40 +0200] "GET /index.php?shop/products/20773430/ HTTP/2" 404 866 "-" "Mozilla/5.0 (Linux; Android 6.0.1; Nexus 5X Build/MMB29P) AppleWebKit/537.36 (KHTML, like Gecko) Chrome/153.0.8010.52 Mobile Safari/537.36 (compatible; Googlebot/2.1; +http://www.google.com/bot.html)"
66.249.68.4 - - [19/Sep/2026:18:18:40 +0200] "GET /sucuri-97aef7ea6b3d6093262d317428247f7b.php?sf/outlet/outlet_00/0 HTTP/2" 404 866 "-" "Mozilla/5.0 (Linux; Android 6.0.1; Nexus 5X Build/MMB29P) AppleWebKit/537.36 (KHTML, like Gecko) Chrome/153.0.8010.52 Mobile Safari/537.36 (compatible; Googlebot/2.1; +http://www.google.com/bot.html)"
66.249.68.5 - - [19/Sep/2026:18:18:41 +0200] "GET /index.php?ctg/search/similarImageSearchResultView//ctgItemCd=79005076 HTTP/2" 404 866 "-" "Mozilla/5.0 (Linux; Android 6.0.1; Nexus 5X Build/MMB29P) AppleWebKit/537.36 (KHTML, like Gecko) Chrome/153.0.8010.47 Mobile Safari/537.36 (compatible; Googlebot/2.1; +http://www.google.com/bot.html)"
66.249.68.4 - - [19/Sep/2026:18:18:42 +0200] "GET /shop/products/8687496/ HTTP/2" 404 866 "-" "Mozilla/5.0 (Linux; Android 6.0.1; Nexus 5X Build/MMB29P) AppleWebKit/537.36 (KHTML, like Gecko) Chrome/153.0.8010.52 Mobile Safari/537.36 (compatible; Googlebot/2.1; +http://www.google.com/bot.html)"
66.249.68.5 - - [19/Sep/2026:18:18:42 +0200] "GET /index.php?shop/products/3485574/ HTTP/2" 404 866 "-" "Mozilla/5.0 (Linux; Android 6.0.1; Nexus 5X Build/MMB29P) AppleWebKit/537.36 (KHTML, like Gecko) Chrome/153.0.8010.52 Mobile Safari/537.36 (compatible; Googlebot/2.1; +http://www.google.com/bot.html)"
66.249.68.5 - - [19/Sep/2026:18:18:43 +0200] "GET /index.php?shop/products/14442529/ HTTP/2" 404 866 "-" "Mozilla/5.0 (Linux; Android 6.0.1; Nexus 5X Build/MMB29P) AppleWebKit/537.36 (KHTML, like Gecko) Chrome/153.0.8010.52 Mobile Safari/537.36 (compatible; Googlebot/2.1; +http://www.google.com/bot.html)"
66.249.68.5 - - [19/Sep/2026:18:18:43 +0200] "GET /index.php?shop/products/19549841/ HTTP/2" 404 866 "-" "Mozilla/5.0 (Linux; Android 6.0.1; Nexus 5X Build/MMB29P) AppleWebKit/537.36 (KHTML, like Gecko) Chrome/153.0.8010.52 Mobile Safari/537.36 (compatible; Googlebot/2.1; +http://www.google.com/bot.html)"
66.249.68.4 - - [19/Sep/2026:18:18:44 +0200] "GET /sucuri-97aef7ea6b3d6093262d317428247f7b.php?shop/products/19374418/ HTTP/2" 404 866 "-" "Mozilla/5.0 (Linux; Android 6.0.1; Nexus 5X Build/MMB29P) AppleWebKit/537.36 (KHTML, like Gecko) Chrome/153.0.8010.52 Mobile Safari/537.36 (compatible; Googlebot/2.1; +http://www.google.com/bot.html)"
66.249.68.4 - - [19/Sep/2026:18:18:44 +0200] "GET /sucuri-97aef7ea6b3d6093262d317428247f7b.php?shop/products/4915452/ HTTP/2" 404 866 "-" "Mozilla/5.0 (Linux; Android 6.0.1; Nexus 5X Build/MMB29P) AppleWebKit/537.36 (KHTML, like Gecko) Chrome/153.0.8010.52 Mobile Safari/537.36 (compatible; Googlebot/2.1; +http://www.google.com/bot.html)"
66.249.68.5 - - [19/Sep/2026:18:18:45 +0200] "GET /index.php?shop/products/4361529/ HTTP/2" 404 866 "-" "Mozilla/5.0 (Linux; Android 6.0.1; Nexus 5X Build/MMB29P) AppleWebKit/537.36 (KHTML, like Gecko) Chrome/153.0.8010.52 Mobile Safari/537.36 (compatible; Googlebot/2.1; +http://www.google.com/bot.html)"
66.249.68.5 - - [19/Sep/2026:18:18:45 +0200] "GET /index.php?shop/products/1311752/ HTTP/2" 404 866 "-" "Mozilla/5.0 (Linux; Android 6.0.1; Nexus 5X Build/MMB29P) AppleWebKit/537.36 (KHTML, like Gecko) Chrome/153.0.8010.52 Mobile Safari/537.36 (compatible; Googlebot/2.1; +http://www.google.com/bot.html)"
66.249.68.5 - - [19/Sep/2026:18:18:46 +0200] "GET /index.php?shop/products/21443007/ HTTP/2" 404 866 "-" "Mozilla/5.0 (Linux; Android 6.0.1; Nexus 5X Build/MMB29P) AppleWebKit/537.36 (KHTML, like Gecko) Chrome/153.0.8010.52 Mobile Safari/537.36 (compatible; Googlebot/2.1; +http://www.google.com/bot.html)"
66.249.68.5 - - [19/Sep/2026:18:18:46 +0200] "GET /index.php?shop/products/9481218/ HTTP/2" 404 866 "-" "Mozilla/5.0 (Linux; Android 6.0.1; Nexus 5X Build/MMB29P) AppleWebKit/537.36 (KHTML, like Gecko) Chrome/153.0.8010.52 Mobile Safari/537.36 (compatible; Googlebot/2.1; +http://www.google.com/bot.html)"
66.249.68.5 - - [19/Sep/2026:18:18:47 +0200] "GET /index.php?shop/products/18000107/ HTTP/2" 404 866 "-" "Mozilla/5.0 (Linux; Android 6.0.1; Nexus 5X Build/MMB29P) AppleWebKit/537.36 (KHTML, like Gecko) Chrome/153.0.8010.52 Mobile Safari/537.36 (compatible; Googlebot/2.1; +http://www.google.com/bot.html)"
66.249.68.5 - - [19/Sep/2026:18:18:48 +0200] "GET /index.php?shop/products/21332629/ HTTP/2" 404 866 "-" "Mozilla/5.0 (Linux; Android 6.0.1; Nexus 5X Build/MMB29P) AppleWebKit/537.36 (KHTML, like Gecko) Chrome/153.0.8010.52 Mobile Safari/537.36 (compatible; Googlebot/2.1; +http://www.google.com/bot.html)"
66.249.68.5 - - [19/Sep/2026:18:18:48 +0200] "GET /index.php?shop/products/17275430/ HTTP/2" 404 866 "-" "Mozilla/5.0 (Linux; Android 6.0.1; Nexus 5X Build/MMB29P) AppleWebKit/537.36 (KHTML, like Gecko) Chrome/153.0.8010.52 Mobile Safari/537.36 (compatible; Googlebot/2.1; +http://www.google.com/bot.html)"
66.249.68.5 - - [19/Sep/2026:18:18:49 +0200] "GET /index.php?shop/products/18806896/ HTTP/2" 404 866 "-" "Mozilla/5.0 (Linux; Android 6.0.1; Nexus 5X Build/MMB29P) AppleWebKit/537.36 (KHTML, like Gecko) Chrome/153.0.8010.52 Mobile Safari/537.36 (compatible; Googlebot/2.1; +http://www.google.com/bot.html)"
66.249.68.5 - - [19/Sep/2026:18:18:49 +0200] "GET /index.php?shop/products/19681685/ HTTP/2" 404 866 "-" "Mozilla/5.0 (Linux; Android 6.0.1; Nexus 5X Build/MMB29P) AppleWebKit/537.36 (KHTML, like Gecko) Chrome/153.0.8010.52 Mobile Safari/537.36 (compatible; Googlebot/2.1; +http://www.google.com/bot.html)"
66.249.68.4 - - [19/Sep/2026:18:18:50 +0200] "GET /sucuri-97aef7ea6b3d6093262d317428247f7b.php?shop/products/2171230/ HTTP/2" 404 866 "-" "Mozilla/5.0 (Linux; Android 6.0.1; Nexus 5X Build/MMB29P) AppleWebKit/537.36 (KHTML, like Gecko) Chrome/153.0.8010.52 Mobile Safari/537.36 (compatible; Googlebot/2.1; +http://www.google.com/bot.html)"
66.249.68.5 - - [19/Sep/2026:18:18:50 +0200] "GET /index.php?shop/products/21214963/ HTTP/2" 404 866 "-" "Mozilla/5.0 (Linux; Android 6.0.1; Nexus 5X Build/MMB29P) AppleWebKit/537.36 (KHTML, like Gecko) Chrome/153.0.8010.52 Mobile Safari/537.36 (compatible; Googlebot/2.1; +http://www.google.com/bot.html)"
66.249.68.4 - - [19/Sep/2026:18:18:51 +0200] "GET /index.php?guide/knowledge/order.html HTTP/2" 404 866 "-" "Mozilla/5.0 (Linux; Android 6.0.1; Nexus 5X Build/MMB29P) AppleWebKit/537.36 (KHTML, like Gecko) Chrome/153.0.8010.52 Mobile Safari/537.36 (compatible; Googlebot/2.1; +http://www.google.com/bot.html)"
66.249.68.5 - - [19/Sep/2026:18:18:51 +0200] "GET /index.php?shop/products/22787896/ HTTP/2" 404 866 "-" "Mozilla/5.0 (Linux; Android 6.0.1; Nexus 5X Build/MMB29P) AppleWebKit/537.36 (KHTML, like Gecko) Chrome/153.0.8010.52 Mobile Safari/537.36 (compatible; Googlebot/2.1; +http://www.google.com/bot.html)"
66.249.68.5 - - [19/Sep/2026:18:18:52 +0200] "GET /index.php?shop/products/14656463/ HTTP/2" 404 866 "-" "Mozilla/5.0 (Linux; Android 6.0.1; Nexus 5X Build/MMB29P) AppleWebKit/537.36 (KHTML, like Gecko) Chrome/153.0.8010.52 Mobile Safari/537.36 (compatible; Googlebot/2.1; +http://www.google.com/bot.html)"
66.249.68.5 - - [19/Sep/2026:18:18:52 +0200] "GET /index.php?shop/products/10419796/ HTTP/2" 404 866 "-" "Mozilla/5.0 (Linux; Android 6.0.1; Nexus 5X Build/MMB29P) AppleWebKit/537.36 (KHTML, like Gecko) Chrome/153.0.8010.52 Mobile Safari/537.36 (compatible; Googlebot/2.1; +http://www.google.com/bot.html)"
2a03:2880:f800:34:: - - [19/Sep/2026:18:18:53 +0200] "GET /?products/27965274 HTTP/2" 200 74 "-" "Mozilla/5.0 (Macintosh; Intel Mac OS X 10_15_7) AppleWebKit/537.36 (KHTML, like Gecko) Chrome/145.0.0.0 Safari/537.36 (compatible; meta-externalagent/1.1 (+https://developers.facebook.com/docs/sharing/webmasters/crawler))"
66.249.68.5 - - [19/Sep/2026:18:18:53 +0200] "GET /index.php?shop/products/21726941/ HTTP/2" 404 866 "-" "Mozilla/5.0 (Linux; Android 6.0.1; Nexus 5X Build/MMB29P) AppleWebKit/537.36 (KHTML, like Gecko) Chrome/153.0.8010.52 Mobile Safari/537.36 (compatible; Googlebot/2.1; +http://www.google.com/bot.html)"
66.249.68.5 - - [19/Sep/2026:18:18:54 +0200] "GET /index.php?shop/products/20178229/ HTTP/2" 404 866 "-" "Mozilla/5.0 (Linux; Android 6.0.1; Nexus 5X Build/MMB29P) AppleWebKit/537.36 (KHTML, like Gecko) Chrome/153.0.8010.52 Mobile Safari/537.36 (compatible; Googlebot/2.1; +http://www.google.com/bot.html)"
66.249.68.4 - - [19/Sep/2026:18:18:54 +0200] "GET /shop/products/18065030/ HTTP/2" 404 866 "-" "Mozilla/5.0 (Linux; Android 6.0.1; Nexus 5X Build/MMB29P) AppleWebKit/537.36 (KHTML, like Gecko) Chrome/153.0.8010.52 Mobile Safari/537.36 (compatible; Googlebot/2.1; +http://www.google.com/bot.html)"
66.249.68.5 - - [19/Sep/2026:18:18:55 +0200] "GET /index.php?shop/products/20661030/ HTTP/2" 404 866 "-" "Mozilla/5.0 (Linux; Android 6.0.1; Nexus 5X Build/MMB29P) AppleWebKit/537.36 (KHTML, like Gecko) Chrome/153.0.8010.52 Mobile Safari/537.36 (compatible; Googlebot/2.1; +http://www.google.com/bot.html)"
66.249.68.5 - - [19/Sep/2026:18:18:55 +0200] "GET /index.php?shop/products/3131296/ HTTP/2" 404 866 "-" "Mozilla/5.0 (Linux; Android 6.0.1; Nexus 5X Build/MMB29P) AppleWebKit/537.36 (KHTML, like Gecko) Chrome/153.0.8010.52 Mobile Safari/537.36 (compatible; Googlebot/2.1; +http://www.google.com/bot.html)"
66.249.68.5 - - [19/Sep/2026:18:18:56 +0200] "GET /index.php?shop/products/1471196/ HTTP/2" 404 866 "-" "Mozilla/5.0 (Linux; Android 6.0.1; Nexus 5X Build/MMB29P) AppleWebKit/537.36 (KHTML, like Gecko) Chrome/153.0.8010.52 Mobile Safari/537.36 (compatible; Googlebot/2.1; +http://www.google.com/bot.html)"
66.249.68.5 - - [19/Sep/2026:18:18:56 +0200] "GET /index.php?shop/products/22940529/ HTTP/2" 404 866 "-" "Mozilla/5.0 (Linux; Android 6.0.1; Nexus 5X Build/MMB29P) AppleWebKit/537.36 (KHTML, like Gecko) Chrome/153.0.8010.52 Mobile Safari/537.36 (compatible; Googlebot/2.1; +http://www.google.com/bot.html)"
66.249.68.5 - - [19/Sep/2026:18:18:57 +0200] "GET /index.php?shop/products/15547085/ HTTP/2" 404 866 "-" "Mozilla/5.0 (Linux; Android 6.0.1; Nexus 5X Build/MMB29P) AppleWebKit/537.36 (KHTML, like Gecko) Chrome/153.0.8010.52 Mobile Safari/537.36 (compatible; Googlebot/2.1; +http://www.google.com/bot.html)"
66.249.68.5 - - [19/Sep/2026:18:18:57 +0200] "GET /index.php?shop/products/16419074/ HTTP/2" 404 866 "-" "Mozilla/5.0 (Linux; Android 6.0.1; Nexus 5X Build/MMB29P) AppleWebKit/537.36 (KHTML, like Gecko) Chrome/153.0.8010.52 Mobile Safari/537.36 (compatible; Googlebot/2.1; +http://www.google.com/bot.html)"
66.249.68.5 - - [19/Sep/2026:18:18:58 +0200] "GET /index.php?shop/products/7222252/ HTTP/2" 404 866 "-" "Mozilla/5.0 (Linux; Android 6.0.1; Nexus 5X Build/MMB29P) AppleWebKit/537.36 (KHTML, like Gecko) Chrome/153.0.8010.52 Mobile Safari/537.36 (compatible; Googlebot/2.1; +http://www.google.com/bot.html)"
66.249.68.5 - - [19/Sep/2026:18:18:58 +0200] "GET /index.php?shop/products/13378418/ HTTP/2" 404 866 "-" "Mozilla/5.0 (Linux; Android 6.0.1; Nexus 5X Build/MMB29P) AppleWebKit/537.36 (KHTML, like Gecko) Chrome/153.0.8010.52 Mobile Safari/537.36 (compatible; Googlebot/2.1; +http://www.google.com/bot.html)"
66.249.68.5 - - [19/Sep/2026:18:18:59 +0200] "GET /index.php?shop/products/1201785/ HTTP/2" 404 866 "-" "Mozilla/5.0 (Linux; Android 6.0.1; Nexus 5X Build/MMB29P) AppleWebKit/537.36 (KHTML, like Gecko) Chrome/153.0.8010.52 Mobile Safari/537.36 (compatible; Googlebot/2.1; +http://www.google.com/bot.html)"
2a03:2880:f800:3:: - - [19/Sep/2026:18:18:59 +0200] "GET /shop/products/20086074/ HTTP/2" 404 866 "-" "Mozilla/5.0 (Windows NT 10.0; Win64; x64) AppleWebKit/537.36 (KHTML, like Gecko) Chrome/145.0.0.0 Safari/537.36 (compatible; meta-externalagent/1.1 (+https://developers.facebook.com/docs/sharing/webmasters/crawler))"
66.249.68.5 - - [19/Sep/2026:18:19:00 +0200] "GET /index.php?shop/products/2928385/ HTTP/2" 404 866 "-" "Mozilla/5.0 (Linux; Android 6.0.1; Nexus 5X Build/MMB29P) AppleWebKit/537.36 (KHTML, like Gecko) Chrome/153.0.8010.52 Mobile Safari/537.36 (compatible; Googlebot/2.1; +http://www.google.com/bot.html)"
2a03:2880:f800:2d:: - - [19/Sep/2026:18:19:00 +0200] "GET /index.php?shop/products/12884074/ HTTP/2" 404 866 "-" "Mozilla/5.0 (Windows NT 10.0; Win64; x64) AppleWebKit/537.36 (KHTML, like Gecko) Chrome/145.0.0.0 Safari/537.36 (compatible; meta-externalagent/1.1 (+https://developers.facebook.com/docs/sharing/webmasters/crawler))"
66.249.68.6 - - [19/Sep/2026:18:19:00 +0200] "GET /shop/products/18713385/ HTTP/2" 404 866 "-" "Mozilla/5.0 (Linux; Android 6.0.1; Nexus 5X Build/MMB29P) AppleWebKit/537.36 (KHTML, like Gecko) Chrome/153.0.8010.52 Mobile Safari/537.36 (compatible; Googlebot/2.1; +http://www.google.com/bot.html)"
66.249.68.5 - - [19/Sep/2026:18:19:01 +0200] "GET /sucuri-97aef7ea6b3d6093262d317428247f7b.php?shop/products/3522474/ HTTP/2" 404 866 "-" "Mozilla/5.0 (Linux; Android 6.0.1; Nexus 5X Build/MMB29P) AppleWebKit/537.36 (KHTML, like Gecko) Chrome/153.0.8010.52 Mobile Safari/537.36 (compatible; Googlebot/2.1; +http://www.google.com/bot.html)"
66.249.68.5 - - [19/Sep/2026:18:19:02 +0200] "GET /index.php?ctg/search/similarImageSearchResultView//ctgItemCd=39886467 HTTP/2" 404 866 "-" "Mozilla/5.0 (Linux; Android 6.0.1; Nexus 5X Build/MMB29P) AppleWebKit/537.36 (KHTML, like Gecko) Chrome/153.0.8010.47 Mobile Safari/537.36 (compatible; Googlebot/2.1; +http://www.google.com/bot.html)"
66.249.68.4 - - [19/Sep/2026:18:19:02 +0200] "GET /sucuri-97aef7ea6b3d6093262d317428247f7b.php?shop/products/4120374/ HTTP/2" 404 866 "-" "Mozilla/5.0 (Linux; Android 6.0.1; Nexus 5X Build/MMB29P) AppleWebKit/537.36 (KHTML, like Gecko) Chrome/153.0.8010.52 Mobile Safari/537.36 (compatible; Googlebot/2.1; +http://www.google.com/bot.html)"
2a03:2880:f800:27:: - - [19/Sep/2026:18:19:02 +0200] "GET /index.php?shop/products/869041/ HTTP/2" 404 866 "-" "Mozilla/5.0 (Macintosh; Intel Mac OS X 10_15_7) AppleWebKit/537.36 (KHTML, like Gecko) Chrome/145.0.0.0 Safari/537.36 (compatible; meta-externalagent/1.1 (+https://developers.facebook.com/docs/sharing/webmasters/crawler))"
66.249.68.5 - - [19/Sep/2026:18:19:03 +0200] "GET /index.php?shop/products/16245841/ HTTP/2" 404 866 "-" "Mozilla/5.0 (Linux; Android 6.0.1; Nexus 5X Build/MMB29P) AppleWebKit/537.36 (KHTML, like Gecko) Chrome/153.0.8010.52 Mobile Safari/537.36 (compatible; Googlebot/2.1; +http://www.google.com/bot.html)"
66.249.68.5 - - [19/Sep/2026:18:19:04 +0200] "GET /index.php?shop/products/14036574/ HTTP/2" 404 866 "-" "Mozilla/5.0 (Linux; Android 6.0.1; Nexus 5X Build/MMB29P) AppleWebKit/537.36 (KHTML, like Gecko) Chrome/153.0.8010.52 Mobile Safari/537.36 (compatible; Googlebot/2.1; +http://www.google.com/bot.html)"
66.249.68.4 - - [19/Sep/2026:18:19:04 +0200] "GET /sucuri-97aef7ea6b3d6093262d317428247f7b.php?f/services/furniture/?sc_i=cp_p_t_pd_furniture HTTP/2" 404 866 "-" "Mozilla/5.0 (Linux; Android 6.0.1; Nexus 5X Build/MMB29P) AppleWebKit/537.36 (KHTML, like Gecko) Chrome/153.0.8010.52 Mobile Safari/537.36 (compatible; Googlebot/2.1; +http://www.google.com/bot.html)"
66.249.68.5 - - [19/Sep/2026:18:19:05 +0200] "GET /index.php?shop/products/11669452/ HTTP/2" 404 866 "-" "Mozilla/5.0 (Linux; Android 6.0.1; Nexus 5X Build/MMB29P) AppleWebKit/537.36 (KHTML, like Gecko) Chrome/153.0.8010.52 Mobile Safari/537.36 (compatible; Googlebot/2.1; +http://www.google.com/bot.html)"
66.249.68.4 - - [19/Sep/2026:18:19:05 +0200] "GET /sucuri-97aef7ea6b3d6093262d317428247f7b.php?shop/products/4637129/ HTTP/2" 404 866 "-" "Mozilla/5.0 (Linux; Android 6.0.1; Nexus 5X Build/MMB29P) AppleWebKit/537.36 (KHTML, like Gecko) Chrome/153.0.8010.52 Mobile Safari/537.36 (compatible; Googlebot/2.1; +http://www.google.com/bot.html)"
66.249.68.5 - - [19/Sep/2026:18:19:06 +0200] "GET /index.php?shop/products/15518863/ HTTP/2" 404 866 "-" "Mozilla/5.0 (Linux; Android 6.0.1; Nexus 5X Build/MMB29P) AppleWebKit/537.36 (KHTML, like Gecko) Chrome/153.0.8010.52 Mobile Safari/537.36 (compatible; Googlebot/2.1; +http://www.google.com/bot.html)"
66.249.68.5 - - [19/Sep/2026:18:19:06 +0200] "GET /index.php?shop/products/14747629/ HTTP/2" 404 866 "-" "Mozilla/5.0 (Linux; Android 6.0.1; Nexus 5X Build/MMB29P) AppleWebKit/537.36 (KHTML, like Gecko) Chrome/153.0.8010.52 Mobile Safari/537.36 (compatible; Googlebot/2.1; +http://www.google.com/bot.html)"
66.249.68.5 - - [19/Sep/2026:18:19:07 +0200] "GET /index.php?shop/products/12198107/ HTTP/2" 404 866 "-" "Mozilla/5.0 (Linux; Android 6.0.1; Nexus 5X Build/MMB29P) AppleWebKit/537.36 (KHTML, like Gecko) Chrome/153.0.8010.52 Mobile Safari/537.36 (compatible; Googlebot/2.1; +http://www.google.com/bot.html)"
66.249.68.5 - - [19/Sep/2026:18:19:07 +0200] "GET /index.php?shop/products/12594563/ HTTP/2" 404 866 "-" "Mozilla/5.0 (Linux; Android 6.0.1; Nexus 5X Build/MMB29P) AppleWebKit/537.36 (KHTML, like Gecko) Chrome/153.0.8010.52 Mobile Safari/537.36 (compatible; Googlebot/2.1; +http://www.google.com/bot.html)"
66.249.68.5 - - [19/Sep/2026:18:19:08 +0200] "GET /index.php?shop/products/2659841/ HTTP/2" 404 866 "-" "Mozilla/5.0 (Linux; Android 6.0.1; Nexus 5X Build/MMB29P) AppleWebKit/537.36 (KHTML, like Gecko) Chrome/153.0.8010.52 Mobile Safari/537.36 (compatible; Googlebot/2.1; +http://www.google.com/bot.html)"
66.249.68.5 - - [19/Sep/2026:18:19:08 +0200] "GET /index.php?shop/products/6386196/ HTTP/2" 404 866 "-" "Mozilla/5.0 (Linux; Android 6.0.1; Nexus 5X Build/MMB29P) AppleWebKit/537.36 (KHTML, like Gecko) Chrome/153.0.8010.52 Mobile Safari/537.36 (compatible; Googlebot/2.1; +http://www.google.com/bot.html)"
66.249.68.5 - - [19/Sep/2026:18:19:09 +0200] "GET /index.php?shop/products/22499285/ HTTP/2" 404 866 "-" "Mozilla/5.0 (Linux; Android 6.0.1; Nexus 5X Build/MMB29P) AppleWebKit/537.36 (KHTML, like Gecko) Chrome/153.0.8010.52 Mobile Safari/537.36 (compatible; Googlebot/2.1; +http://www.google.com/bot.html)"
66.249.68.4 - - [19/Sep/2026:18:19:09 +0200] "GET /sucuri-97aef7ea6b3d6093262d317428247f7b.php?shop/products/10009163/ HTTP/2" 404 866 "-" "Mozilla/5.0 (Linux; Android 6.0.1; Nexus 5X Build/MMB29P) AppleWebKit/537.36 (KHTML, like Gecko) Chrome/153.0.8010.52 Mobile Safari/537.36 (compatible; Googlebot/2.1; +http://www.google.com/bot.html)"
66.249.68.4 - - [19/Sep/2026:18:19:10 +0200] "GET /sucuri-97aef7ea6b3d6093262d317428247f7b.php?shop/products/17376185/ HTTP/2" 404 866 "-" "Mozilla/5.0 (Linux; Android 6.0.1; Nexus 5X Build/MMB29P) AppleWebKit/537.36 (KHTML, like Gecko) Chrome/153.0.8010.52 Mobile Safari/537.36 (compatible; Googlebot/2.1; +http://www.google.com/bot.html)"
66.249.68.4 - - [19/Sep/2026:18:19:10 +0200] "GET /index.php?f/services/furniture/?sc_i=cp_p_t_pd_furniture HTTP/2" 404 866 "-" "Mozilla/5.0 (Linux; Android 6.0.1; Nexus 5X Build/MMB29P) AppleWebKit/537.36 (KHTML, like Gecko) Chrome/153.0.8010.52 Mobile Safari/537.36 (compatible; Googlebot/2.1; +http://www.google.com/bot.html)"
66.249.68.5 - - [19/Sep/2026:18:19:11 +0200] "GET /index.php?shop/products/17592463/ HTTP/2" 404 866 "-" "Mozilla/5.0 (Linux; Android 6.0.1; Nexus 5X Build/MMB29P) AppleWebKit/537.36 (KHTML, like Gecko) Chrome/153.0.8010.52 Mobile Safari/537.36 (compatible; Googlebot/2.1; +http://www.google.com/bot.html)"
66.249.68.5 - - [19/Sep/2026:18:19:12 +0200] "GET /index.php?shop/products/17491107/ HTTP/2" 404 866 "-" "Mozilla/5.0 (Linux; Android 6.0.1; Nexus 5X Build/MMB29P) AppleWebKit/537.36 (KHTML, like Gecko) Chrome/153.0.8010.52 Mobile Safari/537.36 (compatible; Googlebot/2.1; +http://www.google.com/bot.html)"
66.249.68.5 - - [19/Sep/2026:18:19:12 +0200] "GET /index.php?shop/products/4500741/ HTTP/2" 404 866 "-" "Mozilla/5.0 (Linux; Android 6.0.1; Nexus 5X Build/MMB29P) AppleWebKit/537.36 (KHTML, like Gecko) Chrome/153.0.8010.52 Mobile Safari/537.36 (compatible; Googlebot/2.1; +http://www.google.com/bot.html)"
66.249.68.5 - - [19/Sep/2026:18:19:13 +0200] "GET /index.php?ctg/search/similarImageSearchResultView/?ctgItemCd=73232467 HTTP/2" 404 866 "-" "Mozilla/5.0 (Linux; Android 6.0.1; Nexus 5X Build/MMB29P) AppleWebKit/537.36 (KHTML, like Gecko) Chrome/153.0.8010.52 Mobile Safari/537.36 (compatible; Googlebot/2.1; +http://www.google.com/bot.html)"
2a03:2880:f800:30:: - - [19/Sep/2026:18:19:13 +0200] "GET /index.php?products/3138118 HTTP/2" 404 866 "-" "Mozilla/5.0 (X11; Linux x86_64) AppleWebKit/537.36 (KHTML, like Gecko) Chrome/145.0.0.0 Safari/537.36 (compatible; meta-externalagent/1.1 (+https://developers.facebook.com/docs/sharing/webmasters/crawler))"
66.249.68.5 - - [19/Sep/2026:18:19:13 +0200] "GET /index.php?shop/products/5024196/ HTTP/2" 404 866 "-" "Mozilla/5.0 (Linux; Android 6.0.1; Nexus 5X Build/MMB29P) AppleWebKit/537.36 (KHTML, like Gecko) Chrome/153.0.8010.52 Mobile Safari/537.36 (compatible; Googlebot/2.1; +http://www.google.com/bot.html)"
66.249.68.4 - - [19/Sep/2026:18:19:14 +0200] "GET /sucuri-97aef7ea6b3d6093262d317428247f7b.php?shop/products/13791541/ HTTP/2" 404 866 "-" "Mozilla/5.0 (Linux; Android 6.0.1; Nexus 5X Build/MMB29P) AppleWebKit/537.36 (KHTML, like Gecko) Chrome/153.0.8010.52 Mobile Safari/537.36 (compatible; Googlebot/2.1; +http://www.google.com/bot.html)"
66.249.68.5 - - [19/Sep/2026:18:19:14 +0200] "GET /index.php?shop/products/10182996/ HTTP/2" 404 866 "-" "Mozilla/5.0 (Linux; Android 6.0.1; Nexus 5X Build/MMB29P) AppleWebKit/537.36 (KHTML, like Gecko) Chrome/153.0.8010.52 Mobile Safari/537.36 (compatible; Googlebot/2.1; +http://www.google.com/bot.html)"
66.249.68.5 - - [19/Sep/2026:18:19:15 +0200] "GET /shop/products/23089430/ HTTP/2" 404 866 "-" "Mozilla/5.0 (Linux; Android 6.0.1; Nexus 5X Build/MMB29P) AppleWebKit/537.36 (KHTML, like Gecko) Chrome/153.0.8010.52 Mobile Safari/537.36 (compatible; Googlebot/2.1; +http://www.google.com/bot.html)"
66.249.68.5 - - [19/Sep/2026:18:19:15 +0200] "GET /index.php?shop/products/19052796/ HTTP/2" 404 866 "-" "Mozilla/5.0 (Linux; Android 6.0.1; Nexus 5X Build/MMB29P) AppleWebKit/537.36 (KHTML, like Gecko) Chrome/153.0.8010.52 Mobile Safari/537.36 (compatible; Googlebot/2.1; +http://www.google.com/bot.html)"
2a03:2880:f800:e:: - - [19/Sep/2026:18:19:15 +0200] "GET /?products/7436107 HTTP/2" 200 74 "-" "Mozilla/5.0 (Windows NT 10.0; Win64; x64) AppleWebKit/537.36 (KHTML, like Gecko) Chrome/145.0.0.0 Safari/537.36 (compatible; meta-externalagent/1.1 (+https://developers.facebook.com/docs/sharing/webmasters/crawler))"
66.249.68.5 - - [19/Sep/2026:18:19:16 +0200] "GET /index.php?shop/products/5185963/ HTTP/2" 404 866 "-" "Mozilla/5.0 (Linux; Android 6.0.1; Nexus 5X Build/MMB29P) AppleWebKit/537.36 (KHTML, like Gecko) Chrome/153.0.8010.52 Mobile Safari/537.36 (compatible; Googlebot/2.1; +http://www.google.com/bot.html)"
2a03:2880:f800:39:: - - [19/Sep/2026:18:19:16 +0200] "GET /index.php?shop/products/2750674/ HTTP/2" 404 866 "-" "Mozilla/5.0 (Windows NT 10.0; Win64; x64) AppleWebKit/537.36 (KHTML, like Gecko) Chrome/145.0.0.0 Safari/537.36 (compatible; meta-externalagent/1.1 (+https://developers.facebook.com/docs/sharing/webmasters/crawler))"
66.249.68.5 - - [19/Sep/2026:18:19:16 +0200] "GET /index.php?shop/products/2019441/ HTTP/2" 404 866 "-" "Mozilla/5.0 (Linux; Android 6.0.1; Nexus 5X Build/MMB29P) AppleWebKit/537.36 (KHTML, like Gecko) Chrome/153.0.8010.52 Mobile Safari/537.36 (compatible; Googlebot/2.1; +http://www.google.com/bot.html)"
66.249.68.4 - - [19/Sep/2026:18:19:17 +0200] "GET /index.php?shop/products/21637930/ HTTP/2" 404 866 "-" "Mozilla/5.0 (Linux; Android 6.0.1; Nexus 5X Build/MMB29P) AppleWebKit/537.36 (KHTML, like Gecko) Chrome/153.0.8010.52 Mobile Safari/537.36 (compatible; Googlebot/2.1; +http://www.google.com/bot.html)"
66.249.68.4 - - [19/Sep/2026:18:19:18 +0200] "GET /sucuri-97aef7ea6b3d6093262d317428247f7b.php?shop/products/19900563/ HTTP/2" 404 866 "-" "Mozilla/5.0 (Linux; Android 6.0.1; Nexus 5X Build/MMB29P) AppleWebKit/537.36 (KHTML, like Gecko) Chrome/153.0.8010.52 Mobile Safari/537.36 (compatible; Googlebot/2.1; +http://www.google.com/bot.html)"
66.249.68.5 - - [19/Sep/2026:18:19:18 +0200] "GET /index.php?shop/products/4813729/ HTTP/2" 404 866 "-" "Mozilla/5.0 (Linux; Android 6.0.1; Nexus 5X Build/MMB29P) AppleWebKit/537.36 (KHTML, like Gecko) Chrome/153.0.8010.52 Mobile Safari/537.36 (compatible; Googlebot/2.1; +http://www.google.com/bot.html)"
66.249.68.5 - - [19/Sep/2026:18:19:19 +0200] "GET /index.php?shop/products/21798707/ HTTP/2" 404 866 "-" "Mozilla/5.0 (Linux; Android 6.0.1; Nexus 5X Build/MMB29P) AppleWebKit/537.36 (KHTML, like Gecko) Chrome/153.0.8010.52 Mobile Safari/537.36 (compatible; Googlebot/2.1; +http://www.google.com/bot.html)"
66.249.68.5 - - [19/Sep/2026:18:19:19 +0200] "GET /index.php?shop/products/14229018/ HTTP/2" 404 866 "-" "Mozilla/5.0 (Linux; Android 6.0.1; Nexus 5X Build/MMB29P) AppleWebKit/537.36 (KHTML, like Gecko) Chrome/153.0.8010.52 Mobile Safari/537.36 (compatible; Googlebot/2.1; +http://www.google.com/bot.html)"
66.249.68.5 - - [19/Sep/2026:18:19:20 +0200] "GET /index.php?products/11201163 HTTP/2" 404 866 "-" "Mozilla/5.0 (Linux; Android 6.0.1; Nexus 5X Build/MMB29P) AppleWebKit/537.36 (KHTML, like Gecko) Chrome/153.0.8010.52 Mobile Safari/537.36 (compatible; Googlebot/2.1; +http://www.google.com/bot.html)"
66.249.68.5 - - [19/Sep/2026:18:19:20 +0200] "GET /index.php?shop/products/10694863/ HTTP/2" 404 866 "-" "Mozilla/5.0 (Linux; Android 6.0.1; Nexus 5X Build/MMB29P) AppleWebKit/537.36 (KHTML, like Gecko) Chrome/153.0.8010.52 Mobile Safari/537.36 (compatible; Googlebot/2.1; +http://www.google.com/bot.html)"
51.68.163.210 - - [19/Sep/2026:18:19:21 +0200] "GET /plugins-dist.json HTTP/2" 404 866 "-" "Mozilla/5.0 (Macintosh; Intel Mac OS X 10_15_7) AppleWebKit/537.36 (KHTML, like Gecko) Chrome/149.0.0.0 Safari/537.36"
2a03:2880:f800:39:: - - [19/Sep/2026:18:19:21 +0200] "GET /index.php?shop/products/4713129/ HTTP/2" 404 866 "-" "Mozilla/5.0 (Windows NT 10.0; Win64; x64) AppleWebKit/537.36 (KHTML, like Gecko) Chrome/145.0.0.0 Safari/537.36 (compatible; meta-externalagent/1.1 (+https://developers.facebook.com/docs/sharing/webmasters/crawler))"
66.249.68.5 - - [19/Sep/2026:18:19:21 +0200] "GET /index.php?shop/products/12457441/ HTTP/2" 404 866 "-" "Mozilla/5.0 (Linux; Android 6.0.1; Nexus 5X Build/MMB29P) AppleWebKit/537.36 (KHTML, like Gecko) Chrome/153.0.8010.52 Mobile Safari/537.36 (compatible; Googlebot/2.1; +http://www.google.com/bot.html)"
66.249.68.5 - - [19/Sep/2026:18:19:21 +0200] "GET /index.php?shop/products/15340329/ HTTP/2" 404 866 "-" "Mozilla/5.0 (Linux; Android 6.0.1; Nexus 5X Build/MMB29P) AppleWebKit/537.36 (KHTML, like Gecko) Chrome/153.0.8010.52 Mobile Safari/537.36 (compatible; Googlebot/2.1; +http://www.google.com/bot.html)"
66.249.68.5 - - [19/Sep/2026:18:19:22 +0200] "GET /index.php?shop/products/13643285/ HTTP/2" 404 866 "-" "Mozilla/5.0 (Linux; Android 6.0.1; Nexus 5X Build/MMB29P) AppleWebKit/537.36 (KHTML, like Gecko) Chrome/153.0.8010.52 Mobile Safari/537.36 (compatible; Googlebot/2.1; +http://www.google.com/bot.html)"
66.249.68.4 - - [19/Sep/2026:18:19:22 +0200] "GET /shop/products/1189541/ HTTP/2" 404 866 "-" "Mozilla/5.0 (Linux; Android 6.0.1; Nexus 5X Build/MMB29P) AppleWebKit/537.36 (KHTML, like Gecko) Chrome/153.0.8010.52 Mobile Safari/537.36 (compatible; Googlebot/2.1; +http://www.google.com/bot.html)"
66.249.68.5 - - [19/Sep/2026:18:19:23 +0200] "GET /index.php?shop/products/17673030/ HTTP/2" 404 866 "-" "Mozilla/5.0 (Linux; Android 6.0.1; Nexus 5X Build/MMB29P) AppleWebKit/537.36 (KHTML, like Gecko) Chrome/153.0.8010.52 Mobile Safari/537.36 (compatible; Googlebot/2.1; +http://www.google.com/bot.html)"
66.249.68.5 - - [19/Sep/2026:18:19:24 +0200] "GET /index.php?shop/products/13449963/ HTTP/2" 404 866 "-" "Mozilla/5.0 (Linux; Android 6.0.1; Nexus 5X Build/MMB29P) AppleWebKit/537.36 (KHTML, like Gecko) Chrome/153.0.8010.52 Mobile Safari/537.36 (compatible; Googlebot/2.1; +http://www.google.com/bot.html)"
66.249.68.4 - - [19/Sep/2026:18:19:24 +0200] "GET /f/special/furniture_guide/?sc_i=cp_p_t_pd_furniture_guide HTTP/2" 404 866 "-" "Mozilla/5.0 (Linux; Android 6.0.1; Nexus 5X Build/MMB29P) AppleWebKit/537.36 (KHTML, like Gecko) Chrome/153.0.8010.52 Mobile Safari/537.36 (compatible; Googlebot/2.1; +http://www.google.com/bot.html)"
66.249.68.4 - - [19/Sep/2026:18:19:25 +0200] "GET /shop/products/17309963/ HTTP/2" 404 866 "-" "Mozilla/5.0 (Linux; Android 6.0.1; Nexus 5X Build/MMB29P) AppleWebKit/537.36 (KHTML, like Gecko) Chrome/153.0.8010.52 Mobile Safari/537.36 (compatible; Googlebot/2.1; +http://www.google.com/bot.html)"
66.249.68.4 - - [19/Sep/2026:18:19:25 +0200] "GET /sucuri-97aef7ea6b3d6093262d317428247f7b.php?shop/products/2821674/ HTTP/2" 404 866 "-" "Mozilla/5.0 (Linux; Android 6.0.1; Nexus 5X Build/MMB29P) AppleWebKit/537.36 (KHTML, like Gecko) Chrome/153.0.8010.52 Mobile Safari/537.36 (compatible; Googlebot/2.1; +http://www.google.com/bot.html)"
66.249.68.5 - - [19/Sep/2026:18:19:26 +0200] "GET /index.php?shop/products/17913852/ HTTP/2" 404 866 "-" "Mozilla/5.0 (Linux; Android 6.0.1; Nexus 5X Build/MMB29P) AppleWebKit/537.36 (KHTML, like Gecko) Chrome/153.0.8010.52 Mobile Safari/537.36 (compatible; Googlebot/2.1; +http://www.google.com/bot.html)"
66.249.68.5 - - [19/Sep/2026:18:19:26 +0200] "GET /index.php?shop/products/4464529/ HTTP/2" 404 866 "-" "Mozilla/5.0 (Linux; Android 6.0.1; Nexus 5X Build/MMB29P) AppleWebKit/537.36 (KHTML, like Gecko) Chrome/153.0.8010.52 Mobile Safari/537.36 (compatible; Googlebot/2.1; +http://www.google.com/bot.html)"
2a03:2880:f800:b:: - - [19/Sep/2026:18:19:26 +0200] "GET /index.php?shop/products/10620329/ HTTP/2" 404 866 "-" "Mozilla/5.0 (Windows NT 10.0; Win64; x64) AppleWebKit/537.36 (KHTML, like Gecko) Chrome/145.0.0.0 Safari/537.36 (compatible; meta-externalagent/1.1 (+https://developers.facebook.com/docs/sharing/webmasters/crawler))"
66.249.68.5 - - [19/Sep/2026:18:19:27 +0200] "GET /index.php?shop/products/21084052/ HTTP/2" 404 866 "-" "Mozilla/5.0 (Linux; Android 6.0.1; Nexus 5X Build/MMB29P) AppleWebKit/537.36 (KHTML, like Gecko) Chrome/153.0.8010.52 Mobile Safari/537.36 (compatible; Googlebot/2.1; +http://www.google.com/bot.html)"
66.249.68.5 - - [19/Sep/2026:18:19:27 +0200] "GET /index.php?shop/products/21081041/ HTTP/2" 404 866 "-" "Mozilla/5.0 (Linux; Android 6.0.1; Nexus 5X Build/MMB29P) AppleWebKit/537.36 (KHTML, like Gecko) Chrome/153.0.8010.52 Mobile Safari/537.36 (compatible; Googlebot/2.1; +http://www.google.com/bot.html)"
123.184.30.39 - - [19/Sep/2026:18:19:28 +0200] "GET /StudyMaterials/510691763Unit%201.pdf HTTP/2" 200 342602 "-" "Mozilla/5.0 (Windows NT 10.0; Win64; x64) AppleWebKit/537.36 (KHTML, like Gecko) Chrome/151.0.0.0 Safari/537.36"
66.249.68.4 - - [19/Sep/2026:18:19:28 +0200] "GET /shop/products/19969252/ HTTP/2" 404 866 "-" "Mozilla/5.0 (Linux; Android 6.0.1; Nexus 5X Build/MMB29P) AppleWebKit/537.36 (KHTML, like Gecko) Chrome/153.0.8010.52 Mobile Safari/537.36 (compatible; Googlebot/2.1; +http://www.google.com/bot.html)"
114.119.143.1 - - [19/Sep/2026:18:19:28 +0200] "GET /item/u261/45138/ HTTP/2" 404 866 "https://bolconline.co.uk/sitemap731.xml" "Mozilla/5.0 (Linux; Android 7.0;) AppleWebKit/537.36 (HTML, like Gecko) Mobile Safari/537.36 (compatible; PetalBot;+https://webmaster.petalsearch.com/site/petalbot)"
66.249.68.4 - - [19/Sep/2026:18:19:28 +0200] "GET /sucuri-97aef7ea6b3d6093262d317428247f7b.php?shop/products/13147529/ HTTP/2" 404 866 "-" "Mozilla/5.0 (Linux; Android 6.0.1; Nexus 5X Build/MMB29P) AppleWebKit/537.36 (KHTML, like Gecko) Chrome/153.0.8010.52 Mobile Safari/537.36 (compatible; Googlebot/2.1; +http://www.google.com/bot.html)"
66.249.68.5 - - [19/Sep/2026:18:19:29 +0200] "GET /index.php?shop/products/4349363/ HTTP/2" 404 866 "-" "Mozilla/5.0 (Linux; Android 6.0.1; Nexus 5X Build/MMB29P) AppleWebKit/537.36 (KHTML, like Gecko) Chrome/153.0.8010.52 Mobile Safari/537.36 (compatible; Googlebot/2.1; +http://www.google.com/bot.html)"
66.249.68.5 - - [19/Sep/2026:18:19:29 +0200] "GET /index.php?shop/products/16625229/ HTTP/2" 404 866 "-" "Mozilla/5.0 (Linux; Android 6.0.1; Nexus 5X Build/MMB29P) AppleWebKit/537.36 (KHTML, like Gecko) Chrome/153.0.8010.52 Mobile Safari/537.36 (compatible; Googlebot/2.1; +http://www.google.com/bot.html)"
66.249.68.4 - - [19/Sep/2026:18:19:30 +0200] "GET /sucuri-97aef7ea6b3d6093262d317428247f7b.php?shop/products/6908907/ HTTP/2" 404 866 "-" "Mozilla/5.0 (Linux; Android 6.0.1; Nexus 5X Build/MMB29P) AppleWebKit/537.36 (KHTML, like Gecko) Chrome/153.0.8010.52 Mobile Safari/537.36 (compatible; Googlebot/2.1; +http://www.google.com/bot.html)"
66.249.68.4 - - [19/Sep/2026:18:19:31 +0200] "GET /index.php?ctg/search/similarImageSearchResultView/?ctgItemCd=47741167 HTTP/2" 404 866 "-" "Mozilla/5.0 (Linux; Android 6.0.1; Nexus 5X Build/MMB29P) AppleWebKit/537.36 (KHTML, like Gecko) Chrome/153.0.8010.52 Mobile Safari/537.36 (compatible; Googlebot/2.1; +http://www.google.com/bot.html)"
66.249.68.5 - - [19/Sep/2026:18:19:31 +0200] "GET /index.php?shop/products/5533607/ HTTP/2" 404 866 "-" "Mozilla/5.0 (Linux; Android 6.0.1; Nexus 5X Build/MMB29P) AppleWebKit/537.36 (KHTML, like Gecko) Chrome/153.0.8010.52 Mobile Safari/537.36 (compatible; Googlebot/2.1; +http://www.google.com/bot.html)"
66.249.68.5 - - [19/Sep/2026:18:19:32 +0200] "GET /shop/products/12145352/ HTTP/2" 404 866 "-" "Mozilla/5.0 (Linux; Android 6.0.1; Nexus 5X Build/MMB29P) AppleWebKit/537.36 (KHTML, like Gecko) Chrome/153.0.8010.52 Mobile Safari/537.36 (compatible; Googlebot/2.1; +http://www.google.com/bot.html)"
66.249.68.5 - - [19/Sep/2026:18:19:32 +0200] "GET /index.php?shop/products/12559074/ HTTP/2" 404 866 "-" "Mozilla/5.0 (Linux; Android 6.0.1; Nexus 5X Build/MMB29P) AppleWebKit/537.36 (KHTML, like Gecko) Chrome/153.0.8010.52 Mobile Safari/537.36 (compatible; Googlebot/2.1; +http://www.google.com/bot.html)"
66.249.68.5 - - [19/Sep/2026:18:19:33 +0200] "GET /index.php?shop/products/16024885/ HTTP/2" 404 866 "-" "Mozilla/5.0 (Linux; Android 6.0.1; Nexus 5X Build/MMB29P) AppleWebKit/537.36 (KHTML, like Gecko) Chrome/153.0.8010.52 Mobile Safari/537.36 (compatible; Googlebot/2.1; +http://www.google.com/bot.html)"
66.249.68.4 - - [19/Sep/2026:18:19:33 +0200] "GET /shop/products/3345741/ HTTP/2" 404 866 "-" "Mozilla/5.0 (Linux; Android 6.0.1; Nexus 5X Build/MMB29P) AppleWebKit/537.36 (KHTML, like Gecko) Chrome/153.0.8010.52 Mobile Safari/537.36 (compatible; Googlebot/2.1; +http://www.google.com/bot.html)"
66.249.68.5 - - [19/Sep/2026:18:19:34 +0200] "GET /index.php?shop/products/9597929/ HTTP/2" 404 866 "-" "Mozilla/5.0 (Linux; Android 6.0.1; Nexus 5X Build/MMB29P) AppleWebKit/537.36 (KHTML, like Gecko) Chrome/153.0.8010.52 Mobile Safari/537.36 (compatible; Googlebot/2.1; +http://www.google.com/bot.html)"
66.249.68.5 - - [19/Sep/2026:18:19:34 +0200] "GET /index.php?shop/products/9376430/ HTTP/2" 404 866 "-" "Mozilla/5.0 (Linux; Android 6.0.1; Nexus 5X Build/MMB29P) AppleWebKit/537.36 (KHTML, like Gecko) Chrome/153.0.8010.52 Mobile Safari/537.36 (compatible; Googlebot/2.1; +http://www.google.com/bot.html)"
66.249.68.5 - - [19/Sep/2026:18:19:35 +0200] "GET /index.php?shop/products/22596185/ HTTP/2" 404 866 "-" "Mozilla/5.0 (Linux; Android 6.0.1; Nexus 5X Build/MMB29P) AppleWebKit/537.36 (KHTML, like Gecko) Chrome/153.0.8010.52 Mobile Safari/537.36 (compatible; Googlebot/2.1; +http://www.google.com/bot.html)"
66.249.68.5 - - [19/Sep/2026:18:19:35 +0200] "GET /index.php?shop/products/18221185/ HTTP/2" 404 866 "-" "Mozilla/5.0 (Linux; Android 6.0.1; Nexus 5X Build/MMB29P) AppleWebKit/537.36 (KHTML, like Gecko) Chrome/153.0.8010.52 Mobile Safari/537.36 (compatible; Googlebot/2.1; +http://www.google.com/bot.html)"
2a03:2880:f800:43:: - - [19/Sep/2026:18:19:35 +0200] "GET /index.php?shop/products/3767829/ HTTP/2" 404 866 "-" "Mozilla/5.0 (Windows NT 10.0; Win64; x64) AppleWebKit/537.36 (KHTML, like Gecko) Chrome/145.0.0.0 Safari/537.36 (compatible; meta-externalagent/1.1 (+https://developers.facebook.com/docs/sharing/webmasters/crawler))"
66.249.68.5 - - [19/Sep/2026:18:19:36 +0200] "GET /index.php?shop/products/22271307/ HTTP/2" 404 866 "-" "Mozilla/5.0 (Linux; Android 6.0.1; Nexus 5X Build/MMB29P) AppleWebKit/537.36 (KHTML, like Gecko) Chrome/153.0.8010.52 Mobile Safari/537.36 (compatible; Googlebot/2.1; +http://www.google.com/bot.html)"
66.249.68.4 - - [19/Sep/2026:18:19:37 +0200] "GET /sucuri-97aef7ea6b3d6093262d317428247f7b.php?shop/products/4629029/ HTTP/2" 404 866 "-" "Mozilla/5.0 (Linux; Android 6.0.1; Nexus 5X Build/MMB29P) AppleWebKit/537.36 (KHTML, like Gecko) Chrome/153.0.8010.52 Mobile Safari/537.36 (compatible; Googlebot/2.1; +http://www.google.com/bot.html)"
66.249.68.5 - - [19/Sep/2026:18:19:37 +0200] "GET /index.php?shop/products/21261363/ HTTP/2" 404 866 "-" "Mozilla/5.0 (Linux; Android 6.0.1; Nexus 5X Build/MMB29P) AppleWebKit/537.36 (KHTML, like Gecko) Chrome/153.0.8010.52 Mobile Safari/537.36 (compatible; Googlebot/2.1; +http://www.google.com/bot.html)"
66.249.68.5 - - [19/Sep/2026:18:19:38 +0200] "GET /index.php?shop/products/19329563/ HTTP/2" 404 866 "-" "Mozilla/5.0 (Linux; Android 6.0.1; Nexus 5X Build/MMB29P) AppleWebKit/537.36 (KHTML, like Gecko) Chrome/153.0.8010.52 Mobile Safari/537.36 (compatible; Googlebot/2.1; +http://www.google.com/bot.html)"
66.249.68.4 - - [19/Sep/2026:18:19:38 +0200] "GET /sucuri-97aef7ea6b3d6093262d317428247f7b.php?shop/products/18843774/ HTTP/2" 404 866 "-" "Mozilla/5.0 (Linux; Android 6.0.1; Nexus 5X Build/MMB29P) AppleWebKit/537.36 (KHTML, like Gecko) Chrome/153.0.8010.52 Mobile Safari/537.36 (compatible; Googlebot/2.1; +http://www.google.com/bot.html)"
66.249.68.5 - - [19/Sep/2026:18:19:39 +0200] "GET /index.php?shop/products/8652352/ HTTP/2" 404 866 "-" "Mozilla/5.0 (Linux; Android 6.0.1; Nexus 5X Build/MMB29P) AppleWebKit/537.36 (KHTML, like Gecko) Chrome/153.0.8010.52 Mobile Safari/537.36 (compatible; Googlebot/2.1; +http://www.google.com/bot.html)"
66.249.68.5 - - [19/Sep/2026:18:19:39 +0200] "GET /index.php?shop/products/1224574/ HTTP/2" 404 866 "-" "Mozilla/5.0 (Linux; Android 6.0.1; Nexus 5X Build/MMB29P) AppleWebKit/537.36 (KHTML, like Gecko) Chrome/153.0.8010.52 Mobile Safari/537.36 (compatible; Googlebot/2.1; +http://www.google.com/bot.html)"
66.249.68.4 - - [19/Sep/2026:18:19:40 +0200] "GET /sucuri-97aef7ea6b3d6093262d317428247f7b.php?shop/products/18405207/ HTTP/2" 404 866 "-" "Mozilla/5.0 (Linux; Android 6.0.1; Nexus 5X Build/MMB29P) AppleWebKit/537.36 (KHTML, like Gecko) Chrome/153.0.8010.52 Mobile Safari/537.36 (compatible; Googlebot/2.1; +http://www.google.com/bot.html)"
66.249.68.4 - - [19/Sep/2026:18:19:40 +0200] "GET /sucuri-97aef7ea6b3d6093262d317428247f7b.php?shop/products/20919963/ HTTP/2" 404 866 "-" "Mozilla/5.0 (Linux; Android 6.0.1; Nexus 5X Build/MMB29P) AppleWebKit/537.36 (KHTML, like Gecko) Chrome/153.0.8010.47 Mobile Safari/537.36 (compatible; Googlebot/2.1; +http://www.google.com/bot.html)"
66.249.68.5 - - [19/Sep/2026:18:19:41 +0200] "GET /index.php?shop/products/19634785/ HTTP/2" 404 866 "-" "Mozilla/5.0 (Linux; Android 6.0.1; Nexus 5X Build/MMB29P) AppleWebKit/537.36 (KHTML, like Gecko) Chrome/153.0.8010.47 Mobile Safari/537.36 (compatible; Googlebot/2.1; +http://www.google.com/bot.html)"
66.249.68.5 - - [19/Sep/2026:18:19:41 +0200] "GET /index.php?shop/products/19583796/ HTTP/2" 404 866 "-" "Mozilla/5.0 (Linux; Android 6.0.1; Nexus 5X Build/MMB29P) AppleWebKit/537.36 (KHTML, like Gecko) Chrome/153.0.8010.52 Mobile Safari/537.36 (compatible; Googlebot/2.1; +http://www.google.com/bot.html)"
66.249.68.5 - - [19/Sep/2026:18:19:42 +0200] "GET /index.php?shop/products/21118607/ HTTP/2" 404 866 "-" "Mozilla/5.0 (Linux; Android 6.0.1; Nexus 5X Build/MMB29P) AppleWebKit/537.36 (KHTML, like Gecko) Chrome/153.0.8010.52 Mobile Safari/537.36 (compatible; Googlebot/2.1; +http://www.google.com/bot.html)"
66.249.68.5 - - [19/Sep/2026:18:19:42 +0200] "GET /index.php?shop/products/12468141/ HTTP/2" 404 866 "-" "Mozilla/5.0 (Linux; Android 6.0.1; Nexus 5X Build/MMB29P) AppleWebKit/537.36 (KHTML, like Gecko) Chrome/153.0.8010.52 Mobile Safari/537.36 (compatible; Googlebot/2.1; +http://www.google.com/bot.html)"
2a03:2880:f800:3a:: - - [19/Sep/2026:18:19:43 +0200] "GET /?products/11993796 HTTP/2" 200 74 "-" "Mozilla/5.0 (Macintosh; Intel Mac OS X 10_15_7) AppleWebKit/537.36 (KHTML, like Gecko) Chrome/145.0.0.0 Safari/537.36 (compatible; meta-externalagent/1.1 (+https://developers.facebook.com/docs/sharing/webmasters/crawler))"
66.249.68.4 - - [19/Sep/2026:18:19:43 +0200] "GET /sucuri-97aef7ea6b3d6093262d317428247f7b.php?shop/products/9925007/ HTTP/2" 404 866 "-" "Mozilla/5.0 (Linux; Android 6.0.1; Nexus 5X Build/MMB29P) AppleWebKit/537.36 (KHTML, like Gecko) Chrome/153.0.8010.52 Mobile Safari/537.36 (compatible; Googlebot/2.1; +http://www.google.com/bot.html)"
66.249.68.4 - - [19/Sep/2026:18:19:44 +0200] "GET /sucuri-97aef7ea6b3d6093262d317428247f7b.php?shop/products/19028985/ HTTP/2" 404 866 "-" "Mozilla/5.0 (Linux; Android 6.0.1; Nexus 5X Build/MMB29P) AppleWebKit/537.36 (KHTML, like Gecko) Chrome/153.0.8010.52 Mobile Safari/537.36 (compatible; Googlebot/2.1; +http://www.google.com/bot.html)"
66.249.68.5 - - [19/Sep/2026:18:19:44 +0200] "GET /index.php?shop/products/4744496/ HTTP/2" 404 866 "-" "Mozilla/5.0 (Linux; Android 6.0.1; Nexus 5X Build/MMB29P) AppleWebKit/537.36 (KHTML, like Gecko) Chrome/153.0.8010.52 Mobile Safari/537.36 (compatible; Googlebot/2.1; +http://www.google.com/bot.html)"
66.249.68.5 - - [19/Sep/2026:18:19:45 +0200] "GET /index.php?shop/products/14528963/ HTTP/2" 404 866 "-" "Mozilla/5.0 (Linux; Android 6.0.1; Nexus 5X Build/MMB29P) AppleWebKit/537.36 (KHTML, like Gecko) Chrome/153.0.8010.52 Mobile Safari/537.36 (compatible; Googlebot/2.1; +http://www.google.com/bot.html)"
2a03:2880:f800:1b:: - - [19/Sep/2026:18:19:45 +0200] "GET /index.php?shop/products/7190074/ HTTP/2" 404 866 "-" "Mozilla/5.0 (Windows NT 10.0; Win64; x64) AppleWebKit/537.36 (KHTML, like Gecko) Chrome/145.0.0.0 Safari/537.36 (compatible; meta-externalagent/1.1 (+https://developers.facebook.com/docs/sharing/webmasters/crawler))"
66.249.68.5 - - [19/Sep/2026:18:19:45 +0200] "GET /index.php?shop/products/13399530/ HTTP/2" 404 866 "-" "Mozilla/5.0 (Linux; Android 6.0.1; Nexus 5X Build/MMB29P) AppleWebKit/537.36 (KHTML, like Gecko) Chrome/153.0.8010.52 Mobile Safari/537.36 (compatible; Googlebot/2.1; +http://www.google.com/bot.html)"
66.249.68.5 - - [19/Sep/2026:18:19:46 +0200] "GET /index.php?shop/products/19458363/ HTTP/2" 404 866 "-" "Mozilla/5.0 (Linux; Android 6.0.1; Nexus 5X Build/MMB29P) AppleWebKit/537.36 (KHTML, like Gecko) Chrome/153.0.8010.52 Mobile Safari/537.36 (compatible; Googlebot/2.1; +http://www.google.com/bot.html)"
66.249.68.5 - - [19/Sep/2026:18:19:46 +0200] "GET /index.php?shop/products/8850541/ HTTP/2" 404 866 "-" "Mozilla/5.0 (Linux; Android 6.0.1; Nexus 5X Build/MMB29P) AppleWebKit/537.36 (KHTML, like Gecko) Chrome/153.0.8010.52 Mobile Safari/537.36 (compatible; Googlebot/2.1; +http://www.google.com/bot.html)"
66.249.68.4 - - [19/Sep/2026:18:19:47 +0200] "GET /sucuri-97aef7ea6b3d6093262d317428247f7b.php?shop/products/17394829/ HTTP/2" 404 866 "-" "Mozilla/5.0 (Linux; Android 6.0.1; Nexus 5X Build/MMB29P) AppleWebKit/537.36 (KHTML, like Gecko) Chrome/153.0.8010.52 Mobile Safari/537.36 (compatible; Googlebot/2.1; +http://www.google.com/bot.html)"
66.249.68.5 - - [19/Sep/2026:18:19:47 +0200] "GET /index.php?shop/products/22940485/ HTTP/2" 404 866 "-" "Mozilla/5.0 (Linux; Android 6.0.1; Nexus 5X Build/MMB29P) AppleWebKit/537.36 (KHTML, like Gecko) Chrome/153.0.8010.52 Mobile Safari/537.36 (compatible; Googlebot/2.1; +http://www.google.com/bot.html)"
66.249.68.5 - - [19/Sep/2026:18:19:48 +0200] "GET /index.php?shop/products/13005318/ HTTP/2" 404 866 "-" "Mozilla/5.0 (Linux; Android 6.0.1; Nexus 5X Build/MMB29P) AppleWebKit/537.36 (KHTML, like Gecko) Chrome/153.0.8010.52 Mobile Safari/537.36 (compatible; Googlebot/2.1; +http://www.google.com/bot.html)"
66.249.68.5 - - [19/Sep/2026:18:19:48 +0200] "GET /index.php?shop/products/19152741/ HTTP/2" 404 866 "-" "Mozilla/5.0 (Linux; Android 6.0.1; Nexus 5X Build/MMB29P) AppleWebKit/537.36 (KHTML, like Gecko) Chrome/153.0.8010.52 Mobile Safari/537.36 (compatible; Googlebot/2.1; +http://www.google.com/bot.html)"
66.249.68.4 - - [19/Sep/2026:18:19:49 +0200] "GET /sucuri-97aef7ea6b3d6093262d317428247f7b.php?shop/products/18699218/ HTTP/2" 404 866 "-" "Mozilla/5.0 (Linux; Android 6.0.1; Nexus 5X Build/MMB29P) AppleWebKit/537.36 (KHTML, like Gecko) Chrome/153.0.8010.52 Mobile Safari/537.36 (compatible; Googlebot/2.1; +http://www.google.com/bot.html)"
66.249.68.4 - - [19/Sep/2026:18:19:49 +0200] "GET /sucuri-97aef7ea6b3d6093262d317428247f7b.php?shop/products/13241429/ HTTP/2" 404 866 "-" "Mozilla/5.0 (Linux; Android 6.0.1; Nexus 5X Build/MMB29P) AppleWebKit/537.36 (KHTML, like Gecko) Chrome/153.0.8010.52 Mobile Safari/537.36 (compatible; Googlebot/2.1; +http://www.google.com/bot.html)"
66.249.68.5 - - [19/Sep/2026:18:19:50 +0200] "GET /index.php?shop/products/10994307/ HTTP/2" 404 866 "-" "Mozilla/5.0 (Linux; Android 6.0.1; Nexus 5X Build/MMB29P) AppleWebKit/537.36 (KHTML, like Gecko) Chrome/153.0.8010.52 Mobile Safari/537.36 (compatible; Googlebot/2.1; +http://www.google.com/bot.html)"
66.249.68.5 - - [19/Sep/2026:18:19:51 +0200] "GET /index.php?shop/products/16414407/ HTTP/2" 404 866 "-" "Mozilla/5.0 (Linux; Android 6.0.1; Nexus 5X Build/MMB29P) AppleWebKit/537.36 (KHTML, like Gecko) Chrome/153.0.8010.52 Mobile Safari/537.36 (compatible; Googlebot/2.1; +http://www.google.com/bot.html)"
66.249.68.5 - - [19/Sep/2026:18:19:51 +0200] "GET /index.php?shop/products/15762096/ HTTP/2" 404 866 "-" "Mozilla/5.0 (Linux; Android 6.0.1; Nexus 5X Build/MMB29P) AppleWebKit/537.36 (KHTML, like Gecko) Chrome/153.0.8010.52 Mobile Safari/537.36 (compatible; Googlebot/2.1; +http://www.google.com/bot.html)"
66.249.68.5 - - [19/Sep/2026:18:19:52 +0200] "GET /index.php?shop/products/19157752/ HTTP/2" 404 866 "-" "Mozilla/5.0 (Linux; Android 6.0.1; Nexus 5X Build/MMB29P) AppleWebKit/537.36 (KHTML, like Gecko) Chrome/153.0.8010.52 Mobile Safari/537.36 (compatible; Googlebot/2.1; +http://www.google.com/bot.html)"
2a03:2880:f800:1:: - - [19/Sep/2026:18:19:52 +0200] "GET /?products/12259474 HTTP/2" 200 74 "-" "Mozilla/5.0 (Macintosh; Intel Mac OS X 10_15_7) AppleWebKit/537.36 (KHTML, like Gecko) Chrome/145.0.0.0 Safari/537.36 (compatible; meta-externalagent/1.1 (+https://developers.facebook.com/docs/sharing/webmasters/crawler))"
66.249.68.5 - - [19/Sep/2026:18:19:52 +0200] "GET /index.php?shop/products/16795663/ HTTP/2" 404 866 "-" "Mozilla/5.0 (Linux; Android 6.0.1; Nexus 5X Build/MMB29P) AppleWebKit/537.36 (KHTML, like Gecko) Chrome/153.0.8010.52 Mobile Safari/537.36 (compatible; Googlebot/2.1; +http://www.google.com/bot.html)"
