2a03:2880:f800:3f:: - - [19/Sep/2026:16:17:37 +0200] "GET /index.php?products/11781218 HTTP/2" 404 866 "-" "Mozilla/5.0 (X11; Linux x86_64) AppleWebKit/537.36 (KHTML, like Gecko) Chrome/145.0.0.0 Safari/537.36 (compatible; meta-externalagent/1.1 (+https://developers.facebook.com/docs/sharing/webmasters/crawler))"
66.249.68.7 - - [19/Sep/2026:16:17:43 +0200] "GET /index.php?shop/products/4951941/ HTTP/2" 404 866 "-" "Mozilla/5.0 (Linux; Android 6.0.1; Nexus 5X Build/MMB29P) AppleWebKit/537.36 (KHTML, like Gecko) Chrome/153.0.8010.47 Mobile Safari/537.36 (compatible; Googlebot/2.1; +http://www.google.com/bot.html)"
114.119.147.246 - - [19/Sep/2026:16:17:59 +0200] "GET /item/u97/32438/ HTTP/2" 404 866 "https://bolconline.co.uk/sitemap518.xml" "Mozilla/5.0 (Linux; Android 7.0;) AppleWebKit/537.36 (HTML, like Gecko) Mobile Safari/537.36 (compatible; PetalBot;+https://webmaster.petalsearch.com/site/petalbot)"
66.249.68.6 - - [19/Sep/2026:16:18:12 +0200] "GET /index.php?ctg/search/similarImageSearchResultView//ctgItemCd=20638151 HTTP/2" 404 866 "-" "Mozilla/5.0 (Linux; Android 6.0.1; Nexus 5X Build/MMB29P) AppleWebKit/537.36 (KHTML, like Gecko) Chrome/153.0.8010.47 Mobile Safari/537.36 (compatible; Googlebot/2.1; +http://www.google.com/bot.html)"
48.200.92.55 - - [19/Sep/2026:16:18:16 +0200] "GET /assignment/22746010assessment%2010.pdf HTTP/2" 404 866 "-" "RetroDocumentResearch/0.1"
48.200.92.55 - - [19/Sep/2026:16:18:19 +0200] "GET /assignment/1252416738level%204%20assignment%2010.pdf HTTP/2" 404 866 "-" "RetroDocumentResearch/0.1"
2a03:2880:f800:3f:: - - [19/Sep/2026:16:18:25 +0200] "GET /?products/5806841 HTTP/2" 200 74 "-" "Mozilla/5.0 (Macintosh; Intel Mac OS X 10_15_7) AppleWebKit/537.36 (KHTML, like Gecko) Chrome/145.0.0.0 Safari/537.36 (compatible; meta-externalagent/1.1 (+https://developers.facebook.com/docs/sharing/webmasters/crawler))"
2a03:2880:f800:a:: - - [19/Sep/2026:16:18:34 +0200] "GET /index.php?products/25217563 HTTP/2" 404 866 "-" "Mozilla/5.0 (Windows NT 10.0; Win64; x64) AppleWebKit/537.36 (KHTML, like Gecko) Chrome/145.0.0.0 Safari/537.36 (compatible; meta-externalagent/1.1 (+https://developers.facebook.com/docs/sharing/webmasters/crawler))"
2a03:2880:f800:19:: - - [19/Sep/2026:16:18:36 +0200] "GET /index.php?products/13373952 HTTP/2" 404 866 "-" "Mozilla/5.0 (Windows NT 10.0; Win64; x64) AppleWebKit/537.36 (KHTML, like Gecko) Chrome/145.0.0.0 Safari/537.36 (compatible; meta-externalagent/1.1 (+https://developers.facebook.com/docs/sharing/webmasters/crawler))"
2a03:2880:f800:9:: - - [19/Sep/2026:16:18:49 +0200] "GET /index.php?shop/products/9888396/ HTTP/2" 404 866 "-" "Mozilla/5.0 (Windows NT 10.0; Win64; x64) AppleWebKit/537.36 (KHTML, like Gecko) Chrome/145.0.0.0 Safari/537.36 (compatible; meta-externalagent/1.1 (+https://developers.facebook.com/docs/sharing/webmasters/crawler))"
66.249.68.6 - - [19/Sep/2026:16:18:52 +0200] "GET /index.php?ctg/search/similarImageSearchResultView/?ctgItemCd=15058728 HTTP/2" 404 866 "-" "Mozilla/5.0 (Linux; Android 6.0.1; Nexus 5X Build/MMB29P) AppleWebKit/537.36 (KHTML, like Gecko) Chrome/153.0.8010.47 Mobile Safari/537.36 (compatible; Googlebot/2.1; +http://www.google.com/bot.html)"
66.249.68.7 - - [19/Sep/2026:16:19:13 +0200] "GET /index.php?shop/products/19835729/ HTTP/2" 404 866 "-" "Mozilla/5.0 (Linux; Android 6.0.1; Nexus 5X Build/MMB29P) AppleWebKit/537.36 (KHTML, like Gecko) Chrome/153.0.8010.47 Mobile Safari/537.36 (compatible; Googlebot/2.1; +http://www.google.com/bot.html)"
114.119.147.246 - - [19/Sep/2026:16:19:23 +0200] "GET /item/u92/8519/ HTTP/2" 404 866 "https://bolconline.co.uk/sitemap979.xml" "Mozilla/5.0 (Linux; Android 7.0;) AppleWebKit/537.36 (HTML, like Gecko) Mobile Safari/537.36 (compatible; PetalBot;+https://webmaster.petalsearch.com/site/petalbot)"
66.249.68.7 - - [19/Sep/2026:16:19:36 +0200] "GET /index.php?ctg/search/similarImageSearchResultView//ctgItemCd=94293447 HTTP/2" 404 866 "-" "Mozilla/5.0 (Linux; Android 6.0.1; Nexus 5X Build/MMB29P) AppleWebKit/537.36 (KHTML, like Gecko) Chrome/153.0.8010.47 Mobile Safari/537.36 (compatible; Googlebot/2.1; +http://www.google.com/bot.html)"
2a03:2880:f800:3d:: - - [19/Sep/2026:16:19:42 +0200] "GET /index.php?shop/products/19824541/ HTTP/2" 404 866 "-" "Mozilla/5.0 (Windows NT 10.0; Win64; x64) AppleWebKit/537.36 (KHTML, like Gecko) Chrome/145.0.0.0 Safari/537.36 (compatible; meta-externalagent/1.1 (+https://developers.facebook.com/docs/sharing/webmasters/crawler))"
2a03:2880:f800:b:: - - [19/Sep/2026:16:19:50 +0200] "GET /shop/products/22033007/ HTTP/2" 404 866 "-" "Mozilla/5.0 (Macintosh; Intel Mac OS X 10_15_7) AppleWebKit/537.36 (KHTML, like Gecko) Chrome/145.0.0.0 Safari/537.36 (compatible; meta-webindexer/1.1 (+https://developers.facebook.com/docs/sharing/webmasters/crawler))"
66.249.68.6 - - [19/Sep/2026:16:19:52 +0200] "GET /shop/products/18577874/ HTTP/2" 404 866 "-" "Mozilla/5.0 (Linux; Android 6.0.1; Nexus 5X Build/MMB29P) AppleWebKit/537.36 (KHTML, like Gecko) Chrome/153.0.8010.47 Mobile Safari/537.36 (compatible; Googlebot/2.1; +http://www.google.com/bot.html)"
2a03:2880:f800:38:: - - [19/Sep/2026:16:19:58 +0200] "GET /index.php?shop/products/13743474/ HTTP/2" 404 866 "-" "Mozilla/5.0 (Windows NT 10.0; Win64; x64) AppleWebKit/537.36 (KHTML, like Gecko) Chrome/145.0.0.0 Safari/537.36 (compatible; meta-externalagent/1.1 (+https://developers.facebook.com/docs/sharing/webmasters/crawler))"
2a03:2880:f800:1e:: - - [19/Sep/2026:16:20:14 +0200] "GET /?products/28019429 HTTP/2" 200 74 "-" "Mozilla/5.0 (Windows NT 10.0; Win64; x64) AppleWebKit/537.36 (KHTML, like Gecko) Chrome/145.0.0.0 Safari/537.36 (compatible; meta-externalagent/1.1 (+https://developers.facebook.com/docs/sharing/webmasters/crawler))"
66.249.68.8 - - [19/Sep/2026:16:20:26 +0200] "GET /StudyMaterials/1058492348Unit%208%20Fraud%20Risk%20Assessment.pdf HTTP/2" 200 630208 "-" "Googlebot/2.1 (+http://www.google.com/bot.html)"
66.249.68.8 - - [19/Sep/2026:16:20:35 +0200] "GET /index.php?ctg/search/similarImageSearchResultView//ctgItemCd=17743452 HTTP/2" 404 866 "-" "Mozilla/5.0 (Linux; Android 6.0.1; Nexus 5X Build/MMB29P) AppleWebKit/537.36 (KHTML, like Gecko) Chrome/153.0.8010.47 Mobile Safari/537.36 (compatible; Googlebot/2.1; +http://www.google.com/bot.html)"
2a03:2880:f800:25:: - - [19/Sep/2026:16:20:42 +0200] "GET /index.php?shop/products/20866796/ HTTP/2" 404 866 "-" "Mozilla/5.0 (Windows NT 10.0; Win64; x64) AppleWebKit/537.36 (KHTML, like Gecko) Chrome/145.0.0.0 Safari/537.36 (compatible; meta-externalagent/1.1 (+https://developers.facebook.com/docs/sharing/webmasters/crawler))"
2a03:2880:f800:: - - [19/Sep/2026:16:20:43 +0200] "GET /index.php?shop/products/4362441/ HTTP/2" 404 866 "-" "Mozilla/5.0 (Windows NT 10.0; Win64; x64) AppleWebKit/537.36 (KHTML, like Gecko) Chrome/145.0.0.0 Safari/537.36 (compatible; meta-externalagent/1.1 (+https://developers.facebook.com/docs/sharing/webmasters/crawler))"
114.119.143.1 - - [19/Sep/2026:16:20:46 +0200] "GET /item/u82/36299/ HTTP/2" 404 866 "https://bolconline.co.uk/sitemap3.xml" "Mozilla/5.0 (Linux; Android 7.0;) AppleWebKit/537.36 (HTML, like Gecko) Mobile Safari/537.36 (compatible; PetalBot;+https://webmaster.petalsearch.com/site/petalbot)"
2a03:2880:f800:23:: - - [19/Sep/2026:16:20:50 +0200] "GET /index.php?shop/products/7181563/ HTTP/2" 404 866 "-" "Mozilla/5.0 (Macintosh; Intel Mac OS X 10_15_7) AppleWebKit/537.36 (KHTML, like Gecko) Chrome/145.0.0.0 Safari/537.36 (compatible; meta-externalagent/1.1 (+https://developers.facebook.com/docs/sharing/webmasters/crawler))"
2a03:2880:f800:38:: - - [19/Sep/2026:16:21:00 +0200] "GET /index.php?products/23545985 HTTP/2" 404 866 "-" "Mozilla/5.0 (Macintosh; Intel Mac OS X 10.15; rv:147.0) Gecko/20100101 Firefox/147.0 (compatible; meta-externalagent/1.1 (+https://developers.facebook.com/docs/sharing/webmasters/crawler))"
66.249.68.8 - - [19/Sep/2026:16:21:03 +0200] "GET /index.php?ctg/search/similarImageSearchResultView//ctgItemCd=59953641 HTTP/2" 404 866 "-" "Mozilla/5.0 (Linux; Android 6.0.1; Nexus 5X Build/MMB29P) AppleWebKit/537.36 (KHTML, like Gecko) Chrome/153.0.8010.47 Mobile Safari/537.36 (compatible; Googlebot/2.1; +http://www.google.com/bot.html)"
66.249.68.6 - - [19/Sep/2026:16:21:24 +0200] "GET /shop/products/14617941/ HTTP/2" 404 866 "-" "Mozilla/5.0 (Linux; Android 6.0.1; Nexus 5X Build/MMB29P) AppleWebKit/537.36 (KHTML, like Gecko) Chrome/153.0.8010.47 Mobile Safari/537.36 (compatible; Googlebot/2.1; +http://www.google.com/bot.html)"
2a03:2880:f800:f:: - - [19/Sep/2026:16:21:33 +0200] "GET /index.php?products/27289496 HTTP/2" 404 866 "-" "Mozilla/5.0 (Macintosh; Intel Mac OS X 10_15_7) AppleWebKit/537.36 (KHTML, like Gecko) Chrome/145.0.0.0 Safari/537.36 (compatible; meta-externalagent/1.1 (+https://developers.facebook.com/docs/sharing/webmasters/crawler))"
66.249.68.5 - - [19/Sep/2026:16:22:06 +0200] "GET /sucuri-97aef7ea6b3d6093262d317428247f7b.php?shop/products/3538329/ HTTP/2" 404 866 "-" "Mozilla/5.0 (Linux; Android 6.0.1; Nexus 5X Build/MMB29P) AppleWebKit/537.36 (KHTML, like Gecko) Chrome/153.0.8010.47 Mobile Safari/537.36 (compatible; Googlebot/2.1; +http://www.google.com/bot.html)"
114.119.152.207 - - [19/Sep/2026:16:22:10 +0200] "GET /item/u55/19644/ HTTP/2" 404 866 "https://bolconline.co.uk/sitemap139.xml" "Mozilla/5.0 (Linux; Android 7.0;) AppleWebKit/537.36 (HTML, like Gecko) Mobile Safari/537.36 (compatible; PetalBot;+https://webmaster.petalsearch.com/site/petalbot)"
66.249.68.4 - - [19/Sep/2026:16:22:13 +0200] "GET /shop/products/11746352/ HTTP/2" 404 866 "-" "Mozilla/5.0 (Linux; Android 6.0.1; Nexus 5X Build/MMB29P) AppleWebKit/537.36 (KHTML, like Gecko) Chrome/153.0.8010.47 Mobile Safari/537.36 (compatible; Googlebot/2.1; +http://www.google.com/bot.html)"
66.249.68.4 - - [19/Sep/2026:16:22:13 +0200] "GET /shop/products/15279996/ HTTP/2" 404 866 "-" "Mozilla/5.0 (Linux; Android 6.0.1; Nexus 5X Build/MMB29P) AppleWebKit/537.36 (KHTML, like Gecko) Chrome/153.0.8010.47 Mobile Safari/537.36 (compatible; Googlebot/2.1; +http://www.google.com/bot.html)"
2a03:2880:f800:45:: - - [19/Sep/2026:16:22:15 +0200] "GET /index.php?shop/products/22676541/ HTTP/2" 404 866 "-" "Mozilla/5.0 (Windows NT 10.0; Win64; x64) AppleWebKit/537.36 (KHTML, like Gecko) Chrome/145.0.0.0 Safari/537.36 (compatible; meta-externalagent/1.1 (+https://developers.facebook.com/docs/sharing/webmasters/crawler))"
66.249.68.5 - - [19/Sep/2026:16:22:16 +0200] "GET /index.php?shop/products/2717430/ HTTP/2" 404 866 "-" "Mozilla/5.0 (Linux; Android 6.0.1; Nexus 5X Build/MMB29P) AppleWebKit/537.36 (KHTML, like Gecko) Chrome/153.0.8010.47 Mobile Safari/537.36 (compatible; Googlebot/2.1; +http://www.google.com/bot.html)"
2a03:2880:f800:13:: - - [19/Sep/2026:16:22:21 +0200] "GET /shop/products/3035941/ HTTP/2" 404 866 "-" "Mozilla/5.0 (Windows NT 10.0; Win64; x64) AppleWebKit/537.36 (KHTML, like Gecko) Chrome/145.0.0.0 Safari/537.36 (compatible; meta-webindexer/1.1 (+https://developers.facebook.com/docs/sharing/webmasters/crawler))"
66.249.68.4 - - [19/Sep/2026:16:22:38 +0200] "GET /search.php?shop/products/20932129/ HTTP/2" 404 866 "-" "Mozilla/5.0 (Linux; Android 6.0.1; Nexus 5X Build/MMB29P) AppleWebKit/537.36 (KHTML, like Gecko) Chrome/153.0.8010.47 Mobile Safari/537.36 (compatible; Googlebot/2.1; +http://www.google.com/bot.html)"
2a03:2880:f800:18:: - - [19/Sep/2026:16:22:43 +0200] "GET /index.php?products/22463430 HTTP/2" 404 866 "-" "Mozilla/5.0 (Windows NT 10.0; Win64; x64) AppleWebKit/537.36 (KHTML, like Gecko) Chrome/145.0.0.0 Safari/537.36 (compatible; meta-externalagent/1.1 (+https://developers.facebook.com/docs/sharing/webmasters/crawler))"
2a03:2880:f800:47:: - - [19/Sep/2026:16:22:44 +0200] "GET /index.php?shop/products/14521218/ HTTP/2" 404 866 "-" "Mozilla/5.0 (Windows NT 10.0; Win64; x64) AppleWebKit/537.36 (KHTML, like Gecko) Chrome/145.0.0.0 Safari/537.36 Edg/145.0.0.0 (compatible; meta-externalagent/1.1 (+https://developers.facebook.com/docs/sharing/webmasters/crawler))"
66.249.68.4 - - [19/Sep/2026:16:22:59 +0200] "GET /?products/8156885 HTTP/2" 200 74 "-" "Mozilla/5.0 (Linux; Android 6.0.1; Nexus 5X Build/MMB29P) AppleWebKit/537.36 (KHTML, like Gecko) Chrome/153.0.8010.47 Mobile Safari/537.36 (compatible; Googlebot/2.1; +http://www.google.com/bot.html)"
66.249.68.4 - - [19/Sep/2026:16:23:00 +0200] "GET /shop/products/12856930/ HTTP/2" 404 866 "-" "Mozilla/5.0 (Linux; Android 6.0.1; Nexus 5X Build/MMB29P) AppleWebKit/537.36 (KHTML, like Gecko) Chrome/153.0.8010.47 Mobile Safari/537.36 (compatible; Googlebot/2.1; +http://www.google.com/bot.html)"
2a03:2880:f800:15:: - - [19/Sep/2026:16:23:07 +0200] "GET /shop/products/15375330/ HTTP/2" 404 866 "-" "Mozilla/5.0 (Windows NT 10.0; Win64; x64) AppleWebKit/537.36 (KHTML, like Gecko) Chrome/145.0.0.0 Safari/537.36 (compatible; meta-externalagent/1.1 (+https://developers.facebook.com/docs/sharing/webmasters/crawler))"
66.249.68.8 - - [19/Sep/2026:16:23:23 +0200] "GET /index.php?ctg/search/similarImageSearchResultView//ctgItemCd=41685501 HTTP/2" 404 866 "-" "Mozilla/5.0 (Linux; Android 6.0.1; Nexus 5X Build/MMB29P) AppleWebKit/537.36 (KHTML, like Gecko) Chrome/153.0.8010.47 Mobile Safari/537.36 (compatible; Googlebot/2.1; +http://www.google.com/bot.html)"
66.249.68.4 - - [19/Sep/2026:16:23:24 +0200] "GET /shop/products/9160852/ HTTP/2" 404 866 "-" "Mozilla/5.0 (Linux; Android 6.0.1; Nexus 5X Build/MMB29P) AppleWebKit/537.36 (KHTML, like Gecko) Chrome/153.0.8010.47 Mobile Safari/537.36 (compatible; Googlebot/2.1; +http://www.google.com/bot.html)"
2a03:2880:f800:22:: - - [19/Sep/2026:16:23:27 +0200] "GET /shop/products/22878052/ HTTP/2" 404 866 "-" "Mozilla/5.0 (Macintosh; Intel Mac OS X 10_15_7) AppleWebKit/537.36 (KHTML, like Gecko) Chrome/145.0.0.0 Safari/537.36 (compatible; meta-webindexer/1.1 (+https://developers.facebook.com/docs/sharing/webmasters/crawler))"
104.145.210.139 - - [19/Sep/2026:16:23:28 +0200] "GET / HTTP/2" 200 74 "-" "Mozilla/5.0"
104.145.210.139 - - [19/Sep/2026:16:23:29 +0200] "GET /checkout HTTP/2" 404 866 "-" "Mozilla/5.0"
104.145.210.139 - - [19/Sep/2026:16:23:29 +0200] "GET /payment HTTP/2" 404 866 "-" "Mozilla/5.0"
104.145.210.139 - - [19/Sep/2026:16:23:29 +0200] "GET /cart HTTP/2" 404 866 "-" "Mozilla/5.0"
104.145.210.139 - - [19/Sep/2026:16:23:29 +0200] "GET /pay HTTP/2" 404 866 "-" "Mozilla/5.0"
114.119.138.226 - - [19/Sep/2026:16:23:33 +0200] "GET /item/u51/26682/ HTTP/2" 404 866 "https://bolconline.co.uk/sitemap242.xml" "Mozilla/5.0 (Linux; Android 7.0;) AppleWebKit/537.36 (HTML, like Gecko) Mobile Safari/537.36 (compatible; PetalBot;+https://webmaster.petalsearch.com/site/petalbot)"
2a03:2880:f800:19:: - - [19/Sep/2026:16:23:36 +0200] "GET /?products/27850885 HTTP/2" 200 74 "-" "Mozilla/5.0 (Windows NT 10.0; Win64; x64) AppleWebKit/537.36 (KHTML, like Gecko) Chrome/145.0.0.0 Safari/537.36 (compatible; meta-externalagent/1.1 (+https://developers.facebook.com/docs/sharing/webmasters/crawler))"
48.200.92.55 - - [19/Sep/2026:16:23:41 +0200] "GET /studentresult/66rebbeca%20mcardell%20assig2%20feedback.pdf HTTP/2" 404 866 "-" "RetroDocumentResearch/0.1"
2a03:2880:f800:: - - [19/Sep/2026:16:23:45 +0200] "GET /?products/2397129 HTTP/2" 200 74 "-" "Mozilla/5.0 (Macintosh; Intel Mac OS X 10_15_7) AppleWebKit/537.36 (KHTML, like Gecko) Chrome/145.0.0.0 Safari/537.36 (compatible; meta-externalagent/1.1 (+https://developers.facebook.com/docs/sharing/webmasters/crawler))"
48.200.92.55 - - [19/Sep/2026:16:23:52 +0200] "GET /uploadassignment/457252481assessment-7.docx HTTP/2" 404 866 "-" "RetroDocumentResearch/0.1"
48.200.92.55 - - [19/Sep/2026:16:23:55 +0200] "GET /uploadassignment/929767790assessment-2.docx HTTP/2" 404 866 "-" "RetroDocumentResearch/0.1"
48.200.92.55 - - [19/Sep/2026:16:23:59 +0200] "GET /studentresult/82annette%20dinnall%20assig6%20feedback.pdf HTTP/2" 404 866 "-" "RetroDocumentResearch/0.1"
48.200.92.55 - - [19/Sep/2026:16:24:02 +0200] "GET /studentresult/14bongani%20baloi%20assig6%20feedback.pdf HTTP/2" 404 866 "-" "RetroDocumentResearch/0.1"
34.199.252.22 - - [19/Sep/2026:16:24:03 +0200] "GET /combine/cms/ckeditor/plugins/about/ HTTP/2" 200 627 "-" "Mozilla/5.0 AppleWebKit/537.36 (KHTML, like Gecko; compatible; Amazonbot/0.1; +https://developer.amazon.com/support/amazonbot) Chrome/119.0.6045.214 Safari/537.36"
48.200.92.55 - - [19/Sep/2026:16:24:06 +0200] "GET /uploadassignment/1243609887assesment-5-child-psychology.docx HTTP/2" 404 866 "-" "RetroDocumentResearch/0.1"
66.249.68.7 - - [19/Sep/2026:16:24:07 +0200] "GET /index.php?shop/products/9425174/ HTTP/2" 404 866 "-" "Mozilla/5.0 (Linux; Android 6.0.1; Nexus 5X Build/MMB29P) AppleWebKit/537.36 (KHTML, like Gecko) Chrome/153.0.8010.47 Mobile Safari/537.36 (compatible; Googlebot/2.1; +http://www.google.com/bot.html)"
18.235.81.246 - - [19/Sep/2026:16:24:07 +0200] "GET /combine/cms/ckeditor/plugins/colordialog/ HTTP/2" 200 631 "-" "Mozilla/5.0 AppleWebKit/537.36 (KHTML, like Gecko; compatible; Amazonbot/0.1; +https://developer.amazon.com/support/amazonbot) Chrome/119.0.6045.214 Safari/537.36"
48.200.92.55 - - [19/Sep/2026:16:24:13 +0200] "GET /studentresult/1300028073noel%20catubig%20%20tuazon%20ass9%20feedback.pdf HTTP/2" 404 866 "-" "RetroDocumentResearch/0.1"
48.200.92.55 - - [19/Sep/2026:16:24:16 +0200] "GET /uploadassignment/195992890michael-assessment-cover-sheet-8.docx HTTP/2" 404 866 "-" "RetroDocumentResearch/0.1"
2a03:2880:f800:14:: - - [19/Sep/2026:16:24:24 +0200] "GET /index.php?shop/products/20470407/ HTTP/2" 404 866 "-" "Mozilla/5.0 (Windows NT 10.0; Win64; x64) AppleWebKit/537.36 (KHTML, like Gecko) Chrome/145.0.0.0 Safari/537.36 (compatible; meta-externalagent/1.1 (+https://developers.facebook.com/docs/sharing/webmasters/crawler))"
66.249.68.6 - - [19/Sep/2026:16:24:28 +0200] "GET /shop/products/14555818/ HTTP/2" 404 866 "-" "Mozilla/5.0 (Linux; Android 6.0.1; Nexus 5X Build/MMB29P) AppleWebKit/537.36 (KHTML, like Gecko) Chrome/153.0.8010.47 Mobile Safari/537.36 (compatible; Googlebot/2.1; +http://www.google.com/bot.html)"
66.249.68.6 - - [19/Sep/2026:16:24:28 +0200] "GET /index.php?ctg/search/similarImageSearchResultView/?ctgItemCd=48259238 HTTP/2" 404 866 "-" "Mozilla/5.0 (Linux; Android 6.0.1; Nexus 5X Build/MMB29P) AppleWebKit/537.36 (KHTML, like Gecko) Chrome/153.0.8010.47 Mobile Safari/537.36 (compatible; Googlebot/2.1; +http://www.google.com/bot.html)"
48.200.92.55 - - [19/Sep/2026:16:24:41 +0200] "GET /uploadassignment/1168304330assignment-6.docx HTTP/2" 404 866 "-" "RetroDocumentResearch/0.1"
48.200.92.55 - - [19/Sep/2026:16:24:48 +0200] "GET /studentresult/71hamdi%20jomaa%20assig4%20feedback.pdf HTTP/2" 404 866 "-" "RetroDocumentResearch/0.1"
48.200.92.55 - - [19/Sep/2026:16:24:53 +0200] "GET /studentresult/82viktorija%20urbanaviciute%20assign%203%20feedback.pdf HTTP/2" 404 866 "-" "RetroDocumentResearch/0.1"
2a03:2880:f800:3d:: - - [19/Sep/2026:16:24:55 +0200] "GET /shop/products/19321307/ HTTP/2" 404 866 "-" "Mozilla/5.0 (Windows NT 10.0; Win64; x64) AppleWebKit/537.36 (KHTML, like Gecko) Chrome/145.0.0.0 Safari/537.36 (compatible; meta-webindexer/1.1 (+https://developers.facebook.com/docs/sharing/webmasters/crawler))"
48.200.92.55 - - [19/Sep/2026:16:24:55 +0200] "GET /email_attachments/?na HTTP/2" 200 5357 "-" "RetroDocumentResearch/0.1"
2a03:2880:f800:11:: - - [19/Sep/2026:16:24:56 +0200] "GET /index.php?products/20681407 HTTP/2" 404 866 "-" "Mozilla/5.0 (Windows NT 10.0; Win64; x64) AppleWebKit/537.36 (KHTML, like Gecko) Chrome/145.0.0.0 Safari/537.36 (compatible; meta-externalagent/1.1 (+https://developers.facebook.com/docs/sharing/webmasters/crawler))"
2a03:2880:f800:17:: - - [19/Sep/2026:16:24:56 +0200] "GET /index.php?products/24950529 HTTP/2" 404 866 "-" "Mozilla/5.0 (Windows NT 10.0; Win64; x64) AppleWebKit/537.36 (KHTML, like Gecko) Chrome/145.0.0.0 Safari/537.36 (compatible; meta-externalagent/1.1 (+https://developers.facebook.com/docs/sharing/webmasters/crawler))"
114.119.159.243 - - [19/Sep/2026:16:24:57 +0200] "GET /item/u300/40523/ HTTP/2" 404 866 "https://bolconline.co.uk/sitemap84.xml" "Mozilla/5.0 (Linux; Android 7.0;) AppleWebKit/537.36 (HTML, like Gecko) Mobile Safari/537.36 (compatible; PetalBot;+https://webmaster.petalsearch.com/site/petalbot)"
2a03:2880:f800:16:: - - [19/Sep/2026:16:24:59 +0200] "GET /index.php?shop/products/3309430/ HTTP/2" 404 866 "-" "Mozilla/5.0 (Windows NT 10.0; Win64; x64) AppleWebKit/537.36 (KHTML, like Gecko) Chrome/145.0.0.0 Safari/537.36 (compatible; meta-externalagent/1.1 (+https://developers.facebook.com/docs/sharing/webmasters/crawler))"
2a03:2880:f800:29:: - - [19/Sep/2026:16:25:01 +0200] "GET /shop/products/11007296/ HTTP/2" 404 866 "-" "Mozilla/5.0 (Windows NT 10.0; Win64; x64) AppleWebKit/537.36 (KHTML, like Gecko) Chrome/145.0.0.0 Safari/537.36 (compatible; meta-externalagent/1.1 (+https://developers.facebook.com/docs/sharing/webmasters/crawler))"
66.249.68.8 - - [19/Sep/2026:16:25:10 +0200] "GET /index.php?products/23840363 HTTP/2" 404 866 "-" "Mozilla/5.0 (Linux; Android 6.0.1; Nexus 5X Build/MMB29P) AppleWebKit/537.36 (KHTML, like Gecko) Chrome/153.0.8010.47 Mobile Safari/537.36 (compatible; Googlebot/2.1; +http://www.google.com/bot.html)"
48.200.92.55 - - [19/Sep/2026:16:25:13 +0200] "GET /assignment/1114634508travel%20and%20tourism%20assessment%206.pdf HTTP/2" 404 866 "-" "RetroDocumentResearch/0.1"
2a03:2880:f800:1a:: - - [19/Sep/2026:16:25:14 +0200] "GET /index.php?shop/products/20383529/ HTTP/2" 404 866 "-" "Mozilla/5.0 (Windows NT 10.0; Win64; x64) AppleWebKit/537.36 (KHTML, like Gecko) Chrome/145.0.0.0 Safari/537.36 (compatible; meta-externalagent/1.1 (+https://developers.facebook.com/docs/sharing/webmasters/crawler))"
2a03:2880:f800:11:: - - [19/Sep/2026:16:25:21 +0200] "GET /?products/4403707 HTTP/2" 200 74 "-" "Mozilla/5.0 (Macintosh; Intel Mac OS X 10_15_7) AppleWebKit/537.36 (KHTML, like Gecko) Chrome/145.0.0.0 Safari/537.36 (compatible; meta-externalagent/1.1 (+https://developers.facebook.com/docs/sharing/webmasters/crawler))"
48.200.92.55 - - [19/Sep/2026:16:25:23 +0200] "GET /studentresult/26serena%20tan%20dang%20assign%201%20feedback.pdf HTTP/2" 404 866 "-" "RetroDocumentResearch/0.1"
2a03:2880:f800:27:: - - [19/Sep/2026:16:25:24 +0200] "GET /shop/products/10146641/ HTTP/2" 404 866 "-" "Mozilla/5.0 (Windows NT 10.0; Win64; x64) AppleWebKit/537.36 (KHTML, like Gecko) Chrome/145.0.0.0 Safari/537.36 (compatible; meta-webindexer/1.1 (+https://developers.facebook.com/docs/sharing/webmasters/crawler))"
2a03:2880:f800:3a:: - - [19/Sep/2026:16:25:30 +0200] "GET /shop/products/13112407/ HTTP/2" 404 866 "-" "Mozilla/5.0 (Macintosh; Intel Mac OS X 10_15_7) AppleWebKit/537.36 (KHTML, like Gecko) Chrome/145.0.0.0 Safari/537.36 (compatible; meta-externalagent/1.1 (+https://developers.facebook.com/docs/sharing/webmasters/crawler))"
66.249.68.6 - - [19/Sep/2026:16:25:32 +0200] "GET /sucuri-97aef7ea6b3d6093262d317428247f7b.php?shop/products/20787985/ HTTP/2" 404 866 "-" "Mozilla/5.0 (Linux; Android 6.0.1; Nexus 5X Build/MMB29P) AppleWebKit/537.36 (KHTML, like Gecko) Chrome/153.0.8010.47 Mobile Safari/537.36 (compatible; Googlebot/2.1; +http://www.google.com/bot.html)"
2a03:2880:f800:13:: - - [19/Sep/2026:16:25:36 +0200] "GET /index.php?products/28026496 HTTP/2" 404 866 "-" "Mozilla/5.0 (Windows NT 10.0; Win64; x64) AppleWebKit/537.36 (KHTML, like Gecko) Chrome/145.0.0.0 Safari/537.36 (compatible; meta-externalagent/1.1 (+https://developers.facebook.com/docs/sharing/webmasters/crawler))"
2a03:2880:f800:7:: - - [19/Sep/2026:16:25:53 +0200] "GET /shop/products/12757141/ HTTP/2" 404 866 "-" "Mozilla/5.0 (Macintosh; Intel Mac OS X 10_15_7) AppleWebKit/537.36 (KHTML, like Gecko) Chrome/145.0.0.0 Safari/537.36 (compatible; meta-externalagent/1.1 (+https://developers.facebook.com/docs/sharing/webmasters/crawler))"
66.249.68.7 - - [19/Sep/2026:16:25:54 +0200] "GET /index.php?ctg/search/similarImageSearchResultView//ctgItemCd=76255465 HTTP/2" 404 866 "-" "Mozilla/5.0 (Linux; Android 6.0.1; Nexus 5X Build/MMB29P) AppleWebKit/537.36 (KHTML, like Gecko) Chrome/153.0.8010.47 Mobile Safari/537.36 (compatible; Googlebot/2.1; +http://www.google.com/bot.html)"
66.249.68.4 - - [19/Sep/2026:16:25:54 +0200] "GET /sucuri-97aef7ea6b3d6093262d317428247f7b.php?shop/products/19269674/ HTTP/2" 404 866 "-" "Mozilla/5.0 (Linux; Android 6.0.1; Nexus 5X Build/MMB29P) AppleWebKit/537.36 (KHTML, like Gecko) Chrome/153.0.8010.47 Mobile Safari/537.36 (compatible; Googlebot/2.1; +http://www.google.com/bot.html)"
66.249.68.5 - - [19/Sep/2026:16:25:54 +0200] "GET /index.php?shop/products/18586830/ HTTP/2" 404 866 "-" "Mozilla/5.0 (Linux; Android 6.0.1; Nexus 5X Build/MMB29P) AppleWebKit/537.36 (KHTML, like Gecko) Chrome/153.0.8010.47 Mobile Safari/537.36 (compatible; Googlebot/2.1; +http://www.google.com/bot.html)"
66.249.68.5 - - [19/Sep/2026:16:25:55 +0200] "GET /sucuri-97aef7ea6b3d6093262d317428247f7b.php?shop/products/9399085/ HTTP/2" 404 866 "-" "Mozilla/5.0 (Linux; Android 6.0.1; Nexus 5X Build/MMB29P) AppleWebKit/537.36 (KHTML, like Gecko) Chrome/153.0.8010.47 Mobile Safari/537.36 (compatible; Googlebot/2.1; +http://www.google.com/bot.html)"
2a03:2880:f800:47:: - - [19/Sep/2026:16:26:14 +0200] "GET /?products/10320318 HTTP/2" 200 74 "-" "Mozilla/5.0 (Windows NT 10.0; Win64; x64) AppleWebKit/537.36 (KHTML, like Gecko) Chrome/145.0.0.0 Safari/537.36 (compatible; meta-externalagent/1.1 (+https://developers.facebook.com/docs/sharing/webmasters/crawler))"
114.119.147.246 - - [19/Sep/2026:16:26:20 +0200] "GET /item/u280/655/ HTTP/2" 404 866 "https://bolconline.co.uk/sitemap712.xml" "Mozilla/5.0 (Linux; Android 7.0;) AppleWebKit/537.36 (HTML, like Gecko) Mobile Safari/537.36 (compatible; PetalBot;+https://webmaster.petalsearch.com/site/petalbot)"
2a03:2880:f800:36:: - - [19/Sep/2026:16:26:28 +0200] "GET /index.php?shop/products/17644385/ HTTP/2" 404 866 "-" "Mozilla/5.0 (Macintosh; Intel Mac OS X 10_15_7) AppleWebKit/537.36 (KHTML, like Gecko) Chrome/145.0.0.0 Safari/537.36 (compatible; meta-externalagent/1.1 (+https://developers.facebook.com/docs/sharing/webmasters/crawler))"
2a03:2880:f800:1a:: - - [19/Sep/2026:16:26:35 +0200] "GET /index.php?shop/products/22175230/ HTTP/2" 404 866 "-" "Mozilla/5.0 (Windows NT 10.0; Win64; x64) AppleWebKit/537.36 (KHTML, like Gecko) Chrome/145.0.0.0 Safari/537.36 (compatible; meta-externalagent/1.1 (+https://developers.facebook.com/docs/sharing/webmasters/crawler))"
66.249.68.6 - - [19/Sep/2026:16:26:39 +0200] "GET /sucuri-97aef7ea6b3d6093262d317428247f7b.php?ctg/search/similarImageSearchResultView/?ctgItemCd=16668489 HTTP/2" 404 866 "-" "Mozilla/5.0 (Linux; Android 6.0.1; Nexus 5X Build/MMB29P) AppleWebKit/537.36 (KHTML, like Gecko) Chrome/153.0.8010.47 Mobile Safari/537.36 (compatible; Googlebot/2.1; +http://www.google.com/bot.html)"
2a03:2880:f800:36:: - - [19/Sep/2026:16:26:44 +0200] "GET /index.php?products/12240741 HTTP/2" 404 866 "-" "Mozilla/5.0 (Windows NT 10.0; Win64; x64) AppleWebKit/537.36 (KHTML, like Gecko) Chrome/145.0.0.0 Safari/537.36 (compatible; meta-externalagent/1.1 (+https://developers.facebook.com/docs/sharing/webmasters/crawler))"
66.249.68.7 - - [19/Sep/2026:16:27:02 +0200] "GET /index.php?shop/products/22443830/ HTTP/2" 404 866 "-" "Mozilla/5.0 (Linux; Android 6.0.1; Nexus 5X Build/MMB29P) AppleWebKit/537.36 (KHTML, like Gecko) Chrome/153.0.8010.47 Mobile Safari/537.36 (compatible; Googlebot/2.1; +http://www.google.com/bot.html)"
66.249.68.8 - - [19/Sep/2026:16:27:02 +0200] "GET /index.php?shop/products/12768296/ HTTP/2" 404 866 "-" "Mozilla/5.0 (Linux; Android 6.0.1; Nexus 5X Build/MMB29P) AppleWebKit/537.36 (KHTML, like Gecko) Chrome/153.0.8010.47 Mobile Safari/537.36 (compatible; Googlebot/2.1; +http://www.google.com/bot.html)"
136.85.69.13 - - [19/Sep/2026:16:27:03 +0200] "GET / HTTP/2" 200 74 "-" "Mozilla/5.0 (Linux; Android 10; K) AppleWebKit/537.36 (KHTML, like Gecko) Chrome/150.0.0.0 Mobile Safari/537.36"
136.85.69.13 - - [19/Sep/2026:16:27:04 +0200] "GET /rclone.conf HTTP/2" 404 866 "-" "Mozilla/5.0 (compatible; MoonshotBot/1.0; +https://kimi.ai/)"
136.85.69.13 - - [19/Sep/2026:16:27:04 +0200] "GET /.idea/WebServers.xml HTTP/2" 404 866 "-" "Mozilla/5.0 (compatible; YiBot/1.0; +https://01.ai/)"
136.85.69.13 - - [19/Sep/2026:16:27:04 +0200] "GET /sign-in HTTP/2" 404 866 "-" "Mozilla/5.0 (Linux; Android 10; K) AppleWebKit/537.36 (KHTML, like Gecko) Chrome/150.0.0.0 Mobile Safari/537.36"
136.85.69.13 - - [19/Sep/2026:16:27:04 +0200] "GET /config/env/aws_credentials.env HTTP/2" 404 866 "-" "Mozilla/5.0 (compatible; xAI-Grok/1.0; +https://x.ai/)"
136.85.69.13 - - [19/Sep/2026:16:27:04 +0200] "GET /auth HTTP/2" 404 866 "-" "Mozilla/5.0 (Linux; Android 10; K) AppleWebKit/537.36 (KHTML, like Gecko) Chrome/150.0.0.0 Mobile Safari/537.36"
136.85.69.13 - - [19/Sep/2026:16:27:04 +0200] "GET /signin HTTP/2" 404 866 "-" "Mozilla/5.0 (Linux; Android 10; K) AppleWebKit/537.36 (KHTML, like Gecko) Chrome/150.0.0.0 Mobile Safari/537.36"
136.85.69.13 - - [19/Sep/2026:16:27:04 +0200] "GET /login HTTP/2" 301 795 "-" "Mozilla/5.0 (Linux; Android 10; K) AppleWebKit/537.36 (KHTML, like Gecko) Chrome/150.0.0.0 Mobile Safari/537.36"
136.85.69.13 - - [19/Sep/2026:16:27:04 +0200] "GET /serverless.yaml HTTP/2" 404 866 "-" "DuckAssistBot/1.1 (https://duckduckgo.com/duckassistbot)"
136.85.69.13 - - [19/Sep/2026:16:27:04 +0200] "GET /account/login HTTP/2" 404 866 "-" "Mozilla/5.0 (Linux; Android 10; K) AppleWebKit/537.36 (KHTML, like Gecko) Chrome/150.0.0.0 Mobile Safari/537.36"
136.85.69.13 - - [19/Sep/2026:16:27:04 +0200] "GET /z9x8c7v6b5-debug-trigger-mail.bolconline.co.uk HTTP/2" 404 866 "-" "Mozilla/5.0 (Macintosh; Intel Mac OS X 10_15_7) AppleWebKit/605.1.15 (KHTML, like Gecko) Version/17.0 Safari/605.1.15 (Applebot/0.1)"
136.85.69.13 - - [19/Sep/2026:16:27:04 +0200] "GET /.vscode/launch.json HTTP/2" 404 866 "-" "Mozilla/5.0 (compatible; Bravebot/1.0; +https://brave.com/search/)"
136.85.69.13 - - [19/Sep/2026:16:27:04 +0200] "GET /auth/login HTTP/2" 404 866 "-" "Mozilla/5.0 (Linux; Android 10; K) AppleWebKit/537.36 (KHTML, like Gecko) Chrome/150.0.0.0 Mobile Safari/537.36"
136.85.69.13 - - [19/Sep/2026:16:27:05 +0200] "POST /graphql HTTP/2" 404 866 "https://mail.bolconline.co.uk" "Mozilla/5.0 (Linux; Android 10; K) AppleWebKit/537.36 (KHTML, like Gecko) Chrome/150.0.0.0 Mobile Safari/537.36"
136.85.69.13 - - [19/Sep/2026:16:27:05 +0200] "GET /forgot-password HTTP/2" 404 866 "-" "Mozilla/5.0 (Linux; Android 10; K) AppleWebKit/537.36 (KHTML, like Gecko) Chrome/150.0.0.0 Mobile Safari/537.36"
136.85.69.13 - - [19/Sep/2026:16:27:05 +0200] "GET /signup HTTP/2" 404 866 "-" "Mozilla/5.0 (Linux; Android 10; K) AppleWebKit/537.36 (KHTML, like Gecko) Chrome/150.0.0.0 Mobile Safari/537.36"
136.85.69.13 - - [19/Sep/2026:16:27:05 +0200] "GET /login/ HTTP/2" 200 18507 "https://mail.bolconline.co.uk/login" "Mozilla/5.0 (Linux; Android 10; K) AppleWebKit/537.36 (KHTML, like Gecko) Chrome/150.0.0.0 Mobile Safari/537.36"
136.85.69.13 - - [19/Sep/2026:16:27:05 +0200] "GET /reset-password HTTP/2" 404 866 "-" "Mozilla/5.0 (Linux; Android 10; K) AppleWebKit/537.36 (KHTML, like Gecko) Chrome/150.0.0.0 Mobile Safari/537.36"
136.85.69.13 - - [19/Sep/2026:16:27:05 +0200] "GET /admin HTTP/2" 301 795 "-" "Mozilla/5.0 (Linux; Android 10; K) AppleWebKit/537.36 (KHTML, like Gecko) Chrome/150.0.0.0 Mobile Safari/537.36"
136.85.69.13 - - [19/Sep/2026:16:27:05 +0200] "GET /user/login HTTP/2" 404 866 "-" "Mozilla/5.0 (Linux; Android 10; K) AppleWebKit/537.36 (KHTML, like Gecko) Chrome/150.0.0.0 Mobile Safari/537.36"
136.85.69.13 - - [19/Sep/2026:16:27:05 +0200] "GET /dashboard HTTP/2" 404 866 "-" "Mozilla/5.0 (Linux; Android 10; K) AppleWebKit/537.36 (KHTML, like Gecko) Chrome/150.0.0.0 Mobile Safari/537.36"
136.85.69.13 - - [19/Sep/2026:16:27:05 +0200] "GET /admin/login HTTP/2" 404 866 "-" "Mozilla/5.0 (Linux; Android 10; K) AppleWebKit/537.36 (KHTML, like Gecko) Chrome/150.0.0.0 Mobile Safari/537.36"
136.85.69.13 - - [19/Sep/2026:16:27:05 +0200] "GET /register HTTP/2" 404 866 "-" "Mozilla/5.0 (Linux; Android 10; K) AppleWebKit/537.36 (KHTML, like Gecko) Chrome/150.0.0.0 Mobile Safari/537.36"
136.85.69.13 - - [19/Sep/2026:16:27:05 +0200] "GET /users/login HTTP/2" 404 866 "-" "Mozilla/5.0 (Linux; Android 10; K) AppleWebKit/537.36 (KHTML, like Gecko) Chrome/150.0.0.0 Mobile Safari/537.36"
136.85.69.13 - - [19/Sep/2026:16:27:05 +0200] "GET /console HTTP/2" 404 866 "-" "Mozilla/5.0 (Linux; Android 10; K) AppleWebKit/537.36 (KHTML, like Gecko) Chrome/150.0.0.0 Mobile Safari/537.36"
136.85.69.13 - - [19/Sep/2026:16:27:05 +0200] "GET /backoffice HTTP/2" 404 866 "-" "Mozilla/5.0 (Linux; Android 10; K) AppleWebKit/537.36 (KHTML, like Gecko) Chrome/150.0.0.0 Mobile Safari/537.36"
136.85.69.13 - - [19/Sep/2026:16:27:05 +0200] "GET /dist/.vite/manifest.json HTTP/2" 404 866 "-" "Mozilla/5.0 (Linux; Android 10; K) AppleWebKit/537.36 (KHTML, like Gecko) Chrome/150.0.0.0 Mobile Safari/537.36"
136.85.69.13 - - [19/Sep/2026:16:27:05 +0200] "GET /.ssh/id_ecdsa HTTP/2" 404 866 "-" "Mozilla/5.0 (compatible; ChatGLM-Spider/1.0; +https://zhipuai.cn/)"
136.85.69.13 - - [19/Sep/2026:16:27:05 +0200] "GET /build/manifest.json HTTP/2" 404 866 "-" "Mozilla/5.0 (Linux; Android 10; K) AppleWebKit/537.36 (KHTML, like Gecko) Chrome/150.0.0.0 Mobile Safari/537.36"
136.85.69.13 - - [19/Sep/2026:16:27:06 +0200] "GET /portal HTTP/2" 404 866 "-" "Mozilla/5.0 (Linux; Android 10; K) AppleWebKit/537.36 (KHTML, like Gecko) Chrome/150.0.0.0 Mobile Safari/537.36"
136.85.69.13 - - [19/Sep/2026:16:27:06 +0200] "GET /panel HTTP/2" 404 866 "-" "Mozilla/5.0 (Linux; Android 10; K) AppleWebKit/537.36 (KHTML, like Gecko) Chrome/150.0.0.0 Mobile Safari/537.36"
136.85.69.13 - - [19/Sep/2026:16:27:06 +0200] "POST /api/graphql HTTP/2" 404 866 "https://mail.bolconline.co.uk" "Mozilla/5.0 (Linux; Android 10; K) AppleWebKit/537.36 (KHTML, like Gecko) Chrome/150.0.0.0 Mobile Safari/537.36"
136.85.69.13 - - [19/Sep/2026:16:27:06 +0200] "GET /.ssh/id_rsa HTTP/2" 404 866 "-" "Mozilla/5.0 (compatible; Google-Extended; +http://www.google.com/bot.html)"
136.85.69.13 - - [19/Sep/2026:16:27:06 +0200] "GET /.vite/manifest.json HTTP/2" 404 866 "-" "Mozilla/5.0 (Linux; Android 10; K) AppleWebKit/537.36 (KHTML, like Gecko) Chrome/150.0.0.0 Mobile Safari/537.36"
136.85.69.13 - - [19/Sep/2026:16:27:06 +0200] "GET /app HTTP/2" 404 866 "-" "Mozilla/5.0 (Linux; Android 10; K) AppleWebKit/537.36 (KHTML, like Gecko) Chrome/150.0.0.0 Mobile Safari/537.36"
136.85.69.13 - - [19/Sep/2026:16:27:06 +0200] "GET /.ssh/id_ed25519 HTTP/2" 404 866 "-" "Mozilla/5.0 (compatible; Google-Extended; +http://www.google.com/bot.html)"
136.85.69.13 - - [19/Sep/2026:16:27:06 +0200] "GET /secure HTTP/2" 404 866 "-" "Mozilla/5.0 (Linux; Android 10; K) AppleWebKit/537.36 (KHTML, like Gecko) Chrome/150.0.0.0 Mobile Safari/537.36"
136.85.69.13 - - [19/Sep/2026:16:27:06 +0200] "GET /account HTTP/2" 404 866 "-" "Mozilla/5.0 (Linux; Android 10; K) AppleWebKit/537.36 (KHTML, like Gecko) Chrome/150.0.0.0 Mobile Safari/537.36"
136.85.69.13 - - [19/Sep/2026:16:27:06 +0200] "GET /dist/manifest.json HTTP/2" 404 866 "-" "Mozilla/5.0 (Linux; Android 10; K) AppleWebKit/537.36 (KHTML, like Gecko) Chrome/150.0.0.0 Mobile Safari/537.36"
136.85.69.13 - - [19/Sep/2026:16:27:06 +0200] "GET /admin/ HTTP/2" 200 2916 "https://mail.bolconline.co.uk/admin" "Mozilla/5.0 (Linux; Android 10; K) AppleWebKit/537.36 (KHTML, like Gecko) Chrome/150.0.0.0 Mobile Safari/537.36"
136.85.69.13 - - [19/Sep/2026:16:27:06 +0200] "GET /.ssh/authorized_keys HTTP/2" 404 866 "-" "Mozilla/5.0 (Macintosh; Intel Mac OS X 10_15_7) AppleWebKit/605.1.15 (KHTML, like Gecko) Version/17.0 Safari/605.1.15 (Applebot/0.1)"
136.85.69.13 - - [19/Sep/2026:16:27:06 +0200] "GET /.ssh/id_dsa HTTP/2" 404 866 "-" "Mozilla/5.0 AppleWebKit/537.36 (KHTML, like Gecko; compatible; Claude-User/1.0; +claudebot@anthropic.com)"
136.85.69.13 - - [19/Sep/2026:16:27:06 +0200] "GET /.ssh/config HTTP/2" 404 866 "-" "Mozilla/5.0 (compatible; GrokBot/1.0; +https://x.ai/)"
136.85.69.13 - - [19/Sep/2026:16:27:06 +0200] "GET /09Vl3QKvrlWHz-tR HTTP/2" 404 866 "-" "Mozilla/5.0 (Linux; Android 10; K) AppleWebKit/537.36 (KHTML, like Gecko) Chrome/150.0.0.0 Mobile Safari/537.36"
136.85.69.13 - - [19/Sep/2026:16:27:06 +0200] "GET /.ssh/known_hosts HTTP/2" 404 866 "-" "Mozilla/5.0 (compatible; DeepSeekBot/1.0; +https://www.deepseek.com/)"
136.85.69.13 - - [19/Sep/2026:16:27:06 +0200] "GET /id_dsa HTTP/2" 404 866 "-" "Mozilla/5.0 (compatible; Googlebot/2.1; +http://www.google.com/bot.html)"
136.85.69.13 - - [19/Sep/2026:16:27:06 +0200] "GET /id_rsa HTTP/2" 404 866 "-" "Mozilla/5.0 (compatible; Bytespider; spider-feedback@bytedance.com) AppleWebKit/537.36"
136.85.69.13 - - [19/Sep/2026:16:27:06 +0200] "GET /id_ed25519 HTTP/2" 404 866 "-" "Mozilla/5.0 (compatible; Googlebot/2.1; +http://www.google.com/bot.html)"
136.85.69.13 - - [19/Sep/2026:16:27:07 +0200] "GET /id_ecdsa HTTP/2" 404 866 "-" "Mozilla/5.0 AppleWebKit/537.36 (KHTML, like Gecko; compatible; Claude-User/1.0; +claudebot@anthropic.com)"
136.85.69.13 - - [19/Sep/2026:16:27:07 +0200] "GET /server.key HTTP/2" 404 866 "-" "Mozilla/5.0 (compatible; YiBot/1.0; +https://01.ai/)"
136.85.69.13 - - [19/Sep/2026:16:27:07 +0200] "POST /v1/graphql HTTP/2" 404 866 "https://mail.bolconline.co.uk" "Mozilla/5.0 (Linux; Android 10; K) AppleWebKit/537.36 (KHTML, like Gecko) Chrome/150.0.0.0 Mobile Safari/537.36"
136.85.69.13 - - [19/Sep/2026:16:27:07 +0200] "GET /key.pem HTTP/2" 404 866 "-" "CCBot/2.0 (https://commoncrawl.org/faq/)"
136.85.69.13 - - [19/Sep/2026:16:27:07 +0200] "GET /privatekey.key HTTP/2" 404 866 "-" "Mozilla/5.0 (compatible; Qwenbot/1.0; +https://qwen.alibaba.com/)"
136.85.69.13 - - [19/Sep/2026:16:27:07 +0200] "GET /private-key HTTP/2" 404 866 "-" "Mozilla/5.0 (compatible; DeepSeekBot/1.0; +https://www.deepseek.com/)"
136.85.69.13 - - [19/Sep/2026:16:27:07 +0200] "GET /localhost.key HTTP/2" 404 866 "-" "Mozilla/5.0 (compatible; YiBot/1.0; +https://01.ai/)"
136.85.69.13 - - [19/Sep/2026:16:27:07 +0200] "GET /host.key HTTP/2" 404 866 "-" "Mozilla/5.0 (compatible; KimiBot/1.0; +https://kimi.ai/)"
136.85.69.13 - - [19/Sep/2026:16:27:07 +0200] "GET /yhBH4lnOjWpDoOUq HTTP/2" 404 866 "-" "Mozilla/5.0 (Linux; Android 10; K) AppleWebKit/537.36 (KHTML, like Gecko) Chrome/150.0.0.0 Mobile Safari/537.36"
136.85.69.13 - - [19/Sep/2026:16:27:07 +0200] "GET /ssl/server.key HTTP/2" 404 866 "-" "Mozilla/5.0 AppleWebKit/537.36 (KHTML, like Gecko; compatible; Perplexity-User/1.0; +https://perplexity.ai/perplexitybot)"
136.85.69.13 - - [19/Sep/2026:16:27:07 +0200] "GET /ssl/localhost.key HTTP/2" 404 866 "-" "Mozilla/5.0 (compatible; Amazonbot/0.1; +https://developer.amazon.com/support/amazonbot)"
136.85.69.13 - - [19/Sep/2026:16:27:07 +0200] "GET /.bashrc HTTP/2" 404 866 "-" "Mozilla/5.0 AppleWebKit/537.36 (KHTML, like Gecko; compatible; OAI-SearchBot/1.0; +https://openai.com/searchbot)"
136.85.69.13 - - [19/Sep/2026:16:27:07 +0200] "GET /_autoindex/assets/js/tablesort.number.js HTTP/2" 200 322 "-" "Mozilla/5.0 (Linux; Android 10; K) AppleWebKit/537.36 (KHTML, like Gecko) Chrome/150.0.0.0 Mobile Safari/537.36"
136.85.69.13 - - [19/Sep/2026:16:27:07 +0200] "GET /.bash_profile HTTP/2" 404 866 "-" "Mozilla/5.0 (compatible; ChatGLM-Spider/1.0; +https://zhipuai.cn/)"
136.85.69.13 - - [19/Sep/2026:16:27:07 +0200] "GET /_autoindex/assets/js/tablesort.js HTTP/2" 200 2137 "-" "Mozilla/5.0 (Linux; Android 10; K) AppleWebKit/537.36 (KHTML, like Gecko) Chrome/150.0.0.0 Mobile Safari/537.36"
136.85.69.13 - - [19/Sep/2026:16:27:07 +0200] "GET /.zshrc HTTP/2" 404 866 "-" "Mozilla/5.0 AppleWebKit/537.36 (KHTML, like Gecko; compatible; PerplexityBot/1.0; +https://perplexity.ai/perplexitybot)"
136.85.69.13 - - [19/Sep/2026:16:27:07 +0200] "GET /@fs/src/.env?raw?? HTTP/2" 404 866 "-" "Mozilla/5.0 (compatible; MistralAI-User/1.0; +https://mistral.ai/)"
136.85.69.13 - - [19/Sep/2026:16:27:07 +0200] "GET /@fs/app/.env?raw?? HTTP/2" 404 866 "-" "Mozilla/5.0 (compatible; Qwenbot/1.0; +https://qwen.alibaba.com/)"
136.85.69.13 - - [19/Sep/2026:16:27:07 +0200] "GET /.profile HTTP/2" 404 866 "-" "Mozilla/5.0 (compatible; GrokBot/1.0; +https://x.ai/)"
136.85.69.13 - - [19/Sep/2026:16:27:07 +0200] "GET /@fs/../.env?raw?? HTTP/2" 404 866 "-" "Mozilla/5.0 (compatible; xAI-Grok/1.0; +https://x.ai/)"
136.85.69.13 - - [19/Sep/2026:16:27:07 +0200] "GET /@fs/..%252f..%252f..%252f..%252f..%252froot/.env?raw?? HTTP/2" 404 866 "-" "Mozilla/5.0 (compatible; Meta-ExternalAgent/1.0; +https://developers.facebook.com/docs/sharing/webmasters/crawler)"
136.85.69.13 - - [19/Sep/2026:16:27:07 +0200] "GET /@fs/..%252f..%252f..%252f..%252f..%252fproc/self/environ?raw?? HTTP/2" 404 866 "-" "Mozilla/5.0 AppleWebKit/537.36 (KHTML, like Gecko; compatible; PerplexityBot/1.0; +https://perplexity.ai/perplexitybot)"
136.85.69.13 - - [19/Sep/2026:16:27:08 +0200] "GET /_nuxt/../.env HTTP/2" 404 866 "-" "Mozilla/5.0 (compatible; Google-Extended; +http://www.google.com/bot.html)"
136.85.69.13 - - [19/Sep/2026:16:27:08 +0200] "GET /static../.env HTTP/2" 404 866 "-" "Mozilla/5.0 (compatible; PanguBot/1.0; +https://www.huaweicloud.com/)"
136.85.69.13 - - [19/Sep/2026:16:27:08 +0200] "GET /media../.env HTTP/2" 404 866 "-" "Mozilla/5.0 AppleWebKit/537.36 (KHTML, like Gecko; compatible; Perplexity-User/1.0; +https://perplexity.ai/perplexitybot)"
136.85.69.13 - - [19/Sep/2026:16:27:08 +0200] "GET /files../.env HTTP/2" 404 866 "-" "Mozilla/5.0 AppleWebKit/537.36 (KHTML, like Gecko; compatible; Claude-SearchBot/1.0; +claudebot@anthropic.com)"
136.85.69.13 - - [19/Sep/2026:16:27:08 +0200] "GET /static//app/.env HTTP/2" 404 866 "-" "Mozilla/5.0 (compatible; cohere-ai; +https://cohere.com/crawler)"
136.85.69.13 - - [19/Sep/2026:16:27:08 +0200] "GET /static//.env HTTP/2" 404 866 "-" "Mozilla/5.0 (compatible; Bytespider; spider-feedback@bytedance.com) AppleWebKit/537.36"
136.85.69.13 - - [19/Sep/2026:16:27:08 +0200] "GET /static//home/user/.env HTTP/2" 404 866 "-" "Mozilla/5.0 AppleWebKit/537.36 (KHTML, like Gecko; compatible; Perplexity-User/1.0; +https://perplexity.ai/perplexitybot)"
136.85.69.13 - - [19/Sep/2026:16:27:08 +0200] "GET /.//.env HTTP/2" 404 866 "-" "Mozilla/5.0 (compatible; MistralAI-User/1.0; +https://mistral.ai/)"
136.85.69.13 - - [19/Sep/2026:16:27:08 +0200] "GET /%2eenv HTTP/2" 404 866 "-" "Mozilla/5.0 (compatible; GrokBot/1.0; +https://x.ai/)"
136.85.69.13 - - [19/Sep/2026:16:27:08 +0200] "GET //.env HTTP/2" 404 866 "-" "Mozilla/5.0 (compatible; ChatGLM-Spider/1.0; +https://zhipuai.cn/)"
136.85.69.13 - - [19/Sep/2026:16:27:08 +0200] "GET /api/.env/public/.env HTTP/2" 404 866 "-" "Mozilla/5.0 AppleWebKit/537.36 (KHTML, like Gecko; compatible; PerplexityBot/1.0; +https://perplexity.ai/perplexitybot)"
136.85.69.13 - - [19/Sep/2026:16:27:08 +0200] "GET /uploads../.env HTTP/2" 404 866 "-" "Mozilla/5.0 AppleWebKit/537.36 (KHTML, like Gecko; compatible; OAI-SearchBot/1.0; +https://openai.com/searchbot)"
136.85.69.13 - - [19/Sep/2026:16:27:08 +0200] "GET /images../.env HTTP/2" 404 866 "-" "CCBot/2.0 (https://commoncrawl.org/faq/)"
136.85.69.13 - - [19/Sep/2026:16:27:08 +0200] "GET /assets../.env HTTP/2" 404 866 "-" "Mozilla/5.0 AppleWebKit/537.36 (KHTML, like Gecko; compatible; OAI-SearchBot/1.0; +https://openai.com/searchbot)"
136.85.69.13 - - [19/Sep/2026:16:27:08 +0200] "GET /img../.env HTTP/2" 404 866 "-" "Mozilla/5.0 AppleWebKit/537.36 (KHTML, like Gecko; compatible; Claude-User/1.0; +claudebot@anthropic.com)"
136.85.69.13 - - [19/Sep/2026:16:27:09 +0200] "GET /@fs/root/.aws/credentials?raw?? HTTP/2" 404 866 "-" "Mozilla/5.0 AppleWebKit/537.36 (KHTML, like Gecko; compatible; GPTBot/1.3; +https://openai.com/gptbot)"
136.85.69.13 - - [19/Sep/2026:16:27:09 +0200] "GET /@fs/home/ubuntu/.aws/credentials?raw?? HTTP/2" 404 866 "-" "Mozilla/5.0 (compatible; Bravebot/1.0; +https://brave.com/search/)"
136.85.69.13 - - [19/Sep/2026:16:27:09 +0200] "GET /@fs/home/ec2-user/.aws/credentials?raw?? HTTP/2" 404 866 "-" "Mozilla/5.0 (compatible; MoonshotBot/1.0; +https://kimi.ai/)"
136.85.69.13 - - [19/Sep/2026:16:27:09 +0200] "GET /@fs/var/task/.env?raw?? HTTP/2" 404 866 "-" "Mozilla/5.0 (compatible; DeepSeekBot/1.0; +https://www.deepseek.com/)"
136.85.69.13 - - [19/Sep/2026:16:27:09 +0200] "GET /@fs/proc/self/cwd/.env?raw?? HTTP/2" 404 866 "-" "Mozilla/5.0 (compatible; Amazonbot/0.1; +https://developer.amazon.com/support/amazonbot)"
136.85.69.13 - - [19/Sep/2026:16:27:10 +0200] "GET /api%2F.env HTTP/2" 404 866 "-" "Mozilla/5.0 (compatible; MistralAI-User/1.0; +https://mistral.ai/)"
136.85.69.13 - - [19/Sep/2026:16:27:10 +0200] "GET /dashboard%2F.env HTTP/2" 404 866 "-" "Mozilla/5.0 (compatible; xAI-Grok/1.0; +https://x.ai/)"
136.85.69.13 - - [19/Sep/2026:16:27:10 +0200] "GET /settings%2F.env HTTP/2" 404 866 "-" "Mozilla/5.0 (compatible; GrokBot/1.0; +https://x.ai/)"
136.85.69.13 - - [19/Sep/2026:16:27:10 +0200] "GET /admin%2F.env HTTP/2" 404 866 "-" "Mozilla/5.0 (compatible; Kimi-SearchBot/1.0; +https://kimi.ai/)"
136.85.69.13 - - [19/Sep/2026:16:27:10 +0200] "GET /@fs/.env?raw&url?? HTTP/2" 404 866 "-" "Mozilla/5.0 (compatible; YouBot/1.0; +https://you.com/bot)"
136.85.69.13 - - [19/Sep/2026:16:27:10 +0200] "GET /@fs/.env?url&raw?? HTTP/2" 404 866 "-" "Mozilla/5.0 (compatible; MistralAI-User/1.0; +https://mistral.ai/)"
136.85.69.13 - - [19/Sep/2026:16:27:10 +0200] "GET /__vite_rsc_findSourceMapURL?filename=file:///root/.aws/credentials&environmentName=rsc HTTP/2" 404 866 "-" "Mozilla/5.0 (compatible; cohere-ai; +https://cohere.com/crawler)"
136.85.69.13 - - [19/Sep/2026:16:27:10 +0200] "GET /__vite_rsc_findSourceMapURL?filename=file:///proc/self/environ&environmentName=rsc HTTP/2" 404 866 "-" "Mozilla/5.0 (compatible; DeepSeekBot/1.0; +https://www.deepseek.com/)"
136.85.69.13 - - [19/Sep/2026:16:27:10 +0200] "GET /__vite_rsc_findSourceMapURL?filename=file:///app/.env&environmentName=rsc HTTP/2" 404 866 "-" "Mozilla/5.0 AppleWebKit/537.36 (KHTML, like Gecko; compatible; ClaudeBot/1.0; +claudebot@anthropic.com)"
136.85.69.13 - - [19/Sep/2026:16:27:10 +0200] "GET /@fs/.env?import&?raw?? HTTP/2" 404 866 "-" "Mozilla/5.0 (compatible; Hunyuan/1.0; +https://hunyuan.tencent.com/)"
136.85.69.13 - - [19/Sep/2026:16:27:11 +0200] "GET /__vite_rsc_findSourceMapURL?filename=file:///root/.ssh/id_rsa&environmentName=rsc HTTP/2" 404 866 "-" "Mozilla/5.0 (compatible; Amazonbot/0.1; +https://developer.amazon.com/support/amazonbot)"
136.85.69.13 - - [19/Sep/2026:16:27:11 +0200] "GET /@fs/proc/self/cmdline?raw?? HTTP/2" 404 866 "-" "Mozilla/5.0 (compatible; Google-Extended; +http://www.google.com/bot.html)"
136.85.69.13 - - [19/Sep/2026:16:27:11 +0200] "GET /@fs/var/run/secrets/kubernetes.io/serviceaccount/token?raw?? HTTP/2" 404 866 "-" "Mozilla/5.0 (compatible; Google-Extended; +http://www.google.com/bot.html)"
136.85.69.13 - - [19/Sep/2026:16:27:11 +0200] "GET /@fs/var/run/secrets/kubernetes.io/serviceaccount/ca.crt?raw?? HTTP/2" 404 866 "-" "Mozilla/5.0 (compatible; MistralAI-User/1.0; +https://mistral.ai/)"
136.85.69.13 - - [19/Sep/2026:16:27:11 +0200] "GET /api/w/admins/jobs_u/get_log_file/../../../../proc/self/environ HTTP/2" 404 866 "-" "Mozilla/5.0 AppleWebKit/537.36 (KHTML, like Gecko; compatible; Claude-SearchBot/1.0; +claudebot@anthropic.com)"
136.85.69.13 - - [19/Sep/2026:16:27:11 +0200] "GET /api/w/default/jobs_u/get_log_file/../../../../proc/self/environ HTTP/2" 404 866 "-" "Mozilla/5.0 (compatible; DeepSeekBot/1.0; +https://www.deepseek.com/)"
136.85.69.13 - - [19/Sep/2026:16:27:12 +0200] "GET /api/w/starter/jobs_u/get_log_file/../../../../proc/self/environ HTTP/2" 404 866 "-" "Mozilla/5.0 (compatible; MistralAI-User/1.0; +https://mistral.ai/)"
136.85.69.13 - - [19/Sep/2026:16:27:12 +0200] "GET /api/uploads/%2e%2e%2f%2e%2e%2f.env HTTP/2" 404 866 "-" "DuckAssistBot/1.1 (https://duckduckgo.com/duckassistbot)"
136.85.69.13 - - [19/Sep/2026:16:27:12 +0200] "GET /var/run/secrets/kubernetes.io/serviceaccount/token HTTP/2" 404 866 "-" "Mozilla/5.0 (compatible; Bravebot/1.0; +https://brave.com/search/)"
136.85.69.13 - - [19/Sep/2026:16:27:12 +0200] "GET /document.php?modulepart=systemtools&file=../conf/conf.php&hashp=shared HTTP/2" 404 866 "-" "Mozilla/5.0 (compatible; PanguBot/1.0; +https://www.huaweicloud.com/)"
136.85.69.13 - - [19/Sep/2026:16:27:12 +0200] "GET /.dockerenv HTTP/2" 404 866 "-" "Mozilla/5.0 (compatible; Google-Extended; +http://www.google.com/bot.html)"
136.85.69.13 - - [19/Sep/2026:16:27:12 +0200] "GET /proc/self/cmdline HTTP/2" 404 866 "-" "Mozilla/5.0 AppleWebKit/537.36 (KHTML, like Gecko; compatible; Claude-User/1.0; +claudebot@anthropic.com)"
136.85.69.13 - - [19/Sep/2026:16:27:12 +0200] "GET /proc/self/cgroup HTTP/2" 404 866 "-" "Mozilla/5.0 (compatible; KimiBot/1.0; +https://kimi.ai/)"
136.85.69.13 - - [19/Sep/2026:16:27:13 +0200] "GET /.env?import&raw HTTP/2" 404 866 "-" "Mozilla/5.0 (compatible; Baiduspider/2.0; +http://www.baidu.com/search/spider.html)"
136.85.69.13 - - [19/Sep/2026:16:27:13 +0200] "GET /.env?raw HTTP/2" 404 866 "-" "Mozilla/5.0 (compatible; GrokBot/1.0; +https://x.ai/)"
136.85.69.13 - - [19/Sep/2026:16:27:13 +0200] "GET /.env.local?raw HTTP/2" 404 866 "-" "Mozilla/5.0 (compatible; Googlebot/2.1; +http://www.google.com/bot.html)"
136.85.69.13 - - [19/Sep/2026:16:27:13 +0200] "GET /.env.local?import&raw HTTP/2" 404 866 "-" "Mozilla/5.0 (compatible; KimiBot/1.0; +https://kimi.ai/)"
136.85.69.13 - - [19/Sep/2026:16:27:13 +0200] "GET /.env.production?raw HTTP/2" 404 866 "-" "Mozilla/5.0 (compatible; DeepSeekBot/1.0; +https://www.deepseek.com/)"
136.85.69.13 - - [19/Sep/2026:16:27:13 +0200] "GET /.env?import&url&inline HTTP/2" 404 866 "-" "Mozilla/5.0 (compatible; Qwenbot/1.0; +https://qwen.alibaba.com/)"
136.85.69.13 - - [19/Sep/2026:16:27:13 +0200] "GET /.env.production?import&raw HTTP/2" 404 866 "-" "Mozilla/5.0 (compatible; MistralAI-User/1.0; +https://mistral.ai/)"
136.85.69.13 - - [19/Sep/2026:16:27:13 +0200] "GET /.env.development?raw HTTP/2" 404 866 "-" "Mozilla/5.0 (compatible; ChatGLM-Spider/1.0; +https://zhipuai.cn/)"
